CRAN Package Check Results for Package RefManageR

Last updated on 2019-03-21 18:48:27 CET.

Flavor Version Tinstall Tcheck Ttotal Status Flags
r-devel-linux-x86_64-debian-clang 1.2.0 9.23 126.28 135.51 OK
r-devel-linux-x86_64-debian-gcc 1.2.0 7.72 96.48 104.20 OK
r-devel-linux-x86_64-fedora-clang 1.2.0 162.66 OK
r-devel-linux-x86_64-fedora-gcc 1.2.0 154.54 OK
r-devel-windows-ix86+x86_64 1.2.0 25.00 210.00 235.00 ERROR
r-patched-linux-x86_64 1.2.0 10.40 122.73 133.13 OK
r-patched-solaris-x86 1.2.0 217.50 OK
r-release-linux-x86_64 1.2.0 8.36 122.62 130.98 OK
r-release-windows-ix86+x86_64 1.2.0 11.00 207.00 218.00 OK
r-release-osx-x86_64 1.2.0 OK
r-oldrel-windows-ix86+x86_64 1.2.0 9.00 228.00 237.00 OK
r-oldrel-osx-x86_64 1.2.0 OK

Check Details

Version: 1.2.0
Check: tests
Result: ERROR
     Running 'test-all.R' [47s]
    Running the tests in 'tests/test-all.R' failed.
    Complete output:
     > library(testthat)
     > ## Sys.setenv(NOT_CRAN = "true")
     > test_check("RefManageR", perl = TRUE, filter = "^(?!readPDF)[A-Za-z0-9]+$")
     Loading required package: RefManageR
     - type: "Periodical"
     id: "jcg"
     title: "Computers and Graphics"
     year: "2011"
     issuetitle: "Semantic {3D} Media and Content"
     volume: "35"
     number: "4"
     issn: "0097-8493"
     annotation: "This is a \\ texttt{periodical} entry with an \\ texttt{issn}\n field."
    
     - type: "Patent"
     id: "almendro"
     author:
     - given: c("José", "L.")
     family: "Almendro"
    
     - given: "Jacinto"
     family: "Martín"
    
     - given: "Alberto"
     family: "Sánchez"
    
     - given: "Fernando"
     family: "Nozal"
     title: "Elektromagnetisches Signalhorn"
     number: "EU-29702195U"
     date: "1998"
     location: "countryfr and countryuk and countryde"
     langid: "german"
     annotation: "This is a \\ texttt{patent} entry with a \\ texttt{location}\n field. The number is given in the \\ texttt{number} field. Note\n the format of the \\ texttt{location} field in the database\n file. Compare \\ texttt{laufenberg}, \\ texttt{sorace}, and\n \\ texttt{kowalik}"
    
     - type: "InCollection"
     id: "brandt"
     author:
     - given: "Ahasver"
     family: c("von", "Brandt")
    
     - given: "Erich"
     family: "Hoffmann"
     editor:
     - given: "Ferdinand"
     family: "Seibt"
     title: "Die nordischen L{\\ä}nder von der Mitte des 11.~Jahrhunderts\n bis 1448"
     date: "1987"
     booktitle: "Europa im Hoch- und Sp{\\ä}tmittelalter"
     series: "Handbuch der europ{\\ä}ischen Geschichte"
     number: "2"
     publisher: "Klett-Cotta"
     location: "Stuttgart"
     pages: "884-917"
     options: "useprefix=false"
     langid: "german"
     indexsorttitle: "Nordischen Lander von der Mitte des 11. Jahrhunderts bis\n 1448"
     indextitle: "Nordischen L{\\ä}nder von der Mitte des 11.~Jahrhunderts bis\n 1448, Die"
     shorttitle: "Die nordischen L{\\ä}nder"
     annotation: "An \\ texttt{incollection} entry with a \\ texttt{series} and a\n \\ texttt{number}. Note the format of the printed name and\n compare the \\ texttt{useprefix} option in the \\ texttt{options}\n field as well as \\ texttt{vangennep}. Also note the\n \\ texttt{indextitle, and \\ texttt{indexsorttitle} fields}"
    
     - type: "Online"
     id: "baez/online"
     author:
     - given: c("John", "C.")
     family: "Baez"
    
     - given: c("Aaron", "D.")
     family: "Lauda"
     title: "Higher-Dimensional Algebra V: 2-Groups"
     date: "2004-10-27"
     version: "3"
     langid: "english"
     langidopts: "variant=american"
     eprinttype: "arxiv"
     eprint: "math/0307200v3"
     annotation: "An \\ texttt{online} reference from arXiv. Note the\n \\ texttt{eprint} and \\ texttt{eprinttype} fields. Compare\n \\ texttt{baez\\ slash article} which is the same item given as an\n \\ texttt{article} entry with eprint information"
    
     - type: "Report"
     id: "chiu"
     author:
     - given: c("Willy", "W.")
     family: "Chiu"
    
     - given: c("We", "Min")
     family: "Chow"
     title: "A Hybrid Hierarchical Model of a Multiple Virtual Storage\n (MVS) Operating System"
     type: "resreport"
     institution: "IBM"
     date: "1978"
     number: "RC-6947"
     langid: "english"
     langidopts: "variant=american"
     sorttitle: "Hybrid Hierarchical Model of a Multiple Virtual Storage (MVS)\n Operating System"
     indextitle: "Hybrid Hierarchical Model, A"
     annotation: "This is a \\ texttt{report} entry for a research report. Note\n the format of the \\ texttt{type} field in the database file\n which uses a localization key. The number of the report is\n given in the \\ texttt{number} field. Also note the\n \\ texttt{sorttitle} and \\ texttt{indextitle} fields"
    
     - type: "Manual"
     id: "cms"
     title: "The Chicago Manual of Style"
     date: "2003"
     subtitle: "The Essential Guide for Writers, Editors, and Publishers"
     edition: "15"
     publisher: "University of Chicago Press"
     location: "Chicago, Ill."
     isbn: "0-226-10403-6"
     label: "CMS"
     langid: "english"
     langidopts: "variant=american"
     sorttitle: "Chicago Manual of Style"
     indextitle: "Chicago Manual of Style, The"
     shorttitle: "Chicago Manual of Style"
     annotation: "This is a \\ texttt{manual} entry without an \\ texttt{author} or\n \\ texttt{editor}. Note the \\ texttt{label} field in the database\n file which is provided for author-year citation styles. Also\n note the \\ texttt{sorttitle} and \\ texttt{indextitle} fields. By\n default, all entries without an \\ texttt{author} or\n \\ texttt{editor} are alphabetized by \\ texttt{title} but we want\n this entry to be alphabetized under \\ enquote*{C} rather than\n \\ enquote*{T}. There's also an \\ texttt{isbn} field"
    
     - type: "Online"
     id: "ctan"
     title: "CTAN"
     date: "2006"
     url: "https://www.ctan.org"
     subtitle: "The Comprehensive TeX Archive Network"
     urldate: "2006-10-01"
     label: "CTAN"
     langid: "english"
     langidopts: "variant=american"
     annotation: "This is an \\ texttt{online} entry. The \\ textsc{url}, which is\n given in the \\ texttt{url} field, is transformed into a\n clickable link if \\ texttt{hyperref} support has been\n enabled. Note the format of the \\ texttt{urldate} field\n (\\ texttt{yyyy-mm-dd}) in the database file. Also note the\n \\ texttt{label} field which may be used as a fallback by\n citation styles which need an \\ texttt{author} and\\ slash or a\n \\ texttt{year}"
    
     - type: "Collection"
     id: "britannica"
     editor:
     - given: c("Warren", "E.")
     family: "Preece"
     title: "The New Encyclop{\\ ae}dia Britannica"
     date: "2003"
     edition: "15"
     volumes: "32"
     publisher: "Encyclop{\\ ae}dia Britannica"
     location: "Chicago, Ill."
     options: "useeditor=false"
     label: "EB"
     langid: "english"
     langidopts: "variant=british"
     sorttitle: "Encyclop{\\ ae}dia Britannica"
     indextitle: "Encyclop{\\ ae}dia Britannica, The New"
     shorttitle: "Encyclop{\\ ae}dia Britannica"
     annotation: "This is a \\ texttt{collection} entry for an encyclopedia. Note\n the \\ texttt{useeditor} option in the \\ texttt{options} field as\n well as the \\ texttt{sorttitle} field. We want this entry to be\n cited and alphabetized by title even though there is an\n editor. In addition to that, we want the title to be\n alphabetized under \\ enquote*{E} rather than \\ enquote*{T}. Also\n note the \\ texttt{label} field which is provided for\n author-year citation styles"
    
     - type: "Collection"
     id: "gaonkar"
     editor:
     - given: c("Dilip", "Parameshwar")
     family: "Gaonkar"
     title: "Alternative Modernities"
     date: "2001"
     publisher: "Duke University Press"
     location: "Durham and London"
     isbn: "0-822-32714-7"
     langid: "english"
     langidopts: "variant=american"
     annotation: "This is a \\ texttt{collection} entry. Note the format of the\n \\ texttt{location} field in the database file as well as the\n \\ texttt{isbn} field"
    
     - type: "InCollection"
     id: "gaonkar:in"
     author:
     - given: c("Dilip", "Parameshwar")
     family: "Gaonkar"
     editor:
     - given: c("Dilip", "Parameshwar")
     family: "Gaonkar"
     title: "On Alternative Modernities"
     date: "2001"
     booktitle: "Alternative Modernities"
     publisher: "Duke University Press"
     location: "Durham and London"
     isbn: "0-822-32714-7"
     pages: "1-23"
    
     - type: "Thesis"
     id: "geer"
     author:
     - given: "Ingrid"
     family: c("de", "Geer")
     title: "Earl, Saint, Bishop, Skald~-- and Music"
     type: "phdthesis"
     institution: "Uppsala Universitet"
     date: "1985"
     subtitle: "The Orkney Earldom of the Twelfth Century. A Musicological\n Study"
     location: "Uppsala"
     options: "useprefix=false"
     langid: "english"
     langidopts: "variant=british"
     annotation: "This is a typical \\ texttt{thesis} entry for a PhD thesis. Note\n the \\ texttt{type} field in the database file which uses a\n localization key. Also note the format of the printed name and\n compare the \\ texttt{useprefix} option in the \\ texttt{options}\n field as well as \\ texttt{vangennep}"
    
     - type: "Book"
     id: "vangennep"
     author:
     - given: "Arnold"
     family: c("van", "Gennep")
     title: "Les rites de passage"
     date: "1909"
     publisher: "Nourry"
     location: "Paris"
     options: "useprefix"
     langid: "french"
     sorttitle: "Rites de passage"
     indextitle: "Rites de passage, Les"
     shorttitle: "Rites de passage"
     annotation: "A \\ texttt{book} entry. Note the format of the printed name and\n compare the \\ texttt{useprefix} option in the \\ texttt{options}\n field as well as \\ texttt{brandt} and \\ texttt{geer}"
    
     - type: "Book"
     id: "vangennep:related"
     author:
     - given: "Arnold"
     family: c("van", "Gennep")
     title: "Les rites de passage"
     date: "1909"
     publisher: "Nourry"
     location: "Paris"
     options: "useprefix"
     langid: "french"
     related: "vizedom:related"
     relatedtype: "bytranslator"
     sorttitle: "Rites de passage"
     indextitle: "Rites de passage, Les"
     shorttitle: "Rites de passage"
     annotation: "A variant of the \\ texttt{vangennep} entry related to its\n translation. Note the format of the \\ texttt{related} and\n \\ texttt{relatedtype} fields"
    
     - type: "Book"
     id: "vangennep:trans"
     author:
     - given: "Arnold"
     family: c("van", "Gennep")
     title: "The Rites of Passage"
     year: "1960"
     translator:
     - given: c("Monika", "B.")
     family: "Vizedom"
    
     - given: c("Gabrielle", "L.")
     family: "Caffee"
     language: "english"
     origlanguage: "french"
     publisher: "University of Chicago Press"
     options: "useprefix"
     indextitle: "Rites of Passage, The"
     sorttitle: "Rites of Passage"
     shorttitle: "Rites of Passage"
     langid: "english"
     langidopts: "variant=american"
     annotation: "A translation of the \\ texttt{vangennep} entry. Note the\n \\ texttt{translator} and \\ texttt{origlanguage} fields. Compare\n with the \\ texttt{vangennep:related} entry."
    
     - type: "InCollection"
     id: "hyman"
     author:
     - given: "Arthur"
     family: "Hyman"
     editor:
     - given: c("Dominic", "J.")
     family: "O'Meara"
     title: "Aristotle's Theory of the Intellect and its Interpretation by\n Averroes"
     date: "1981"
     booktitle: "Studies in Aristotle"
     series: "Studies in Philosophy and the History of Philosophy"
     number: "9"
     publisher: "The Catholic University of America Press"
     location: "Washington, D.C."
     pages: "161-191"
     keywords: "secondary"
     langid: "english"
     langidopts: "variant=american"
     indextitle: "Aristotle's Theory of the Intellect"
     shorttitle: "Aristotle's Theory of the Intellect"
     annotation: "An \\ texttt{incollection} entry with a \\ texttt{series} and\n \\ texttt{number} field"
    
     - type: "Online"
     id: "itzhaki"
     author:
     - given: "Nissan"
     family: "Itzhaki"
     title: "Some remarks on 't Hooft's S-matrix for black holes"
     date: "1996-03-11"
     version: "1"
     langid: "english"
     langidopts: "variant=american"
     eprinttype: "arxiv"
     eprint: "hep-th/9603067"
     annotation: "An \\ texttt{online} reference from arXiv. Note the\n \\ texttt{eprint} and \\ texttt{eprinttype} fields. Also note that\n the arXiv reference is transformed into a clickable link if\n \\ texttt{hyperref} support has been enabled"
     abstract: "We discuss the limitations of 't Hooft's proposal for the\n black hole S-matrix. We find that the validity of the S-matrix\n implies violation of the semi-classical approximation at\n scales large compared to the Planck scale. We also show that\n the effect of the centrifugal barrier on the S-matrix is\n crucial even for large transverse distances."
    
     - type: "Collection"
     id: "jaffe"
     editor:
     - given: "Philipp"
     family: "Jaffé"
     title: "Regesta Pontificum Romanorum ab condita ecclesia ad annum post\n Christum natum \\ textsc{mcxcviii}"
     date: "1885/1888"
     editora:
     - given: "Samuel"
     family: "Loewenfeld"
    
     - given: "Ferdinand"
     family: "Kaltenbrunner"
    
     - given: "Paul"
     family: "Ewald"
     edition: "2"
     volumes: "2"
     location: "Leipzig"
     editoratype: "redactor"
     indextitle: "Regesta Pontificum Romanorum"
     shorttitle: "Regesta Pontificum Romanorum"
     annotation: "A \\ texttt{collection} entry with \\ texttt{edition} and\n \\ texttt{volumes} fields. Note the \\ texttt{editora} and\n \\ texttt{editoratype} fields"
    
     - type: "Patent"
     id: "kowalik"
     author:
     - given: "F."
     family: "Kowalik"
    
     - given: "M."
     family: "Isard"
     title: "Estimateur d'un d{\\'e}faut de fonctionnement d'un modulateur\n en quadrature et {\\'e}tage de modulation l'utilisant"
     number: "9500261"
     date: "1995-01-11"
     type: "patreqfr"
     langid: "french"
     indextitle: "Estimateur d'un d{\\'e}faut de fonctionnement"
     annotation: "This is a \\ texttt{patent} entry for a French patent request\n with a full date. The number is given in the \\ texttt{number}\n field. Note the format of the \\ texttt{type} and \\ texttt{date}\n fields in the database file. Compare \\ texttt{almendro},\n \\ texttt{laufenberg}, and \\ texttt{sorace}"
    
     - type: "InBook"
     id: "kant:ku"
     title: "Kritik der Urtheilskraft"
     date: "1968"
     author:
     - given: "Immanuel"
     family: "Kant"
     booktitle: "Kritik der praktischen Vernunft. Kritik der Urtheilskraft"
     bookauthor:
     - given: "Immanuel"
     family: "Kant"
     maintitle: "Kants Werke. Akademie Textausgabe"
     volume: "5"
     publisher: "Walter de Gruyter"
     location: "Berlin"
     pages: "165-485"
     shorthand: "KU"
     langid: "german"
     annotation: "An edition of Kant's \\ emph{Collected Works}, volume five. This\n is an \\ texttt{inbook} entry which explicitly refers to the\n \\ emph{Critique of Judgment} only, not to the entire fifth\n volume"
    
     - type: "InBook"
     id: "kant:kpv"
     title: "Kritik der praktischen Vernunft"
     date: "1968"
     author:
     - given: "Immanuel"
     family: "Kant"
     booktitle: "Kritik der praktischen Vernunft. Kritik der Urtheilskraft"
     bookauthor:
     - given: "Immanuel"
     family: "Kant"
     maintitle: "Kants Werke. Akademie Textausgabe"
     volume: "5"
     publisher: "Walter de Gruyter"
     location: "Berlin"
     pages: "1-163"
     shorthand: "KpV"
     langid: "german"
     shorttitle: "Kritik der praktischen Vernunft"
     annotation: "An edition of Kant's \\ emph{Collected Works}, volume five. This\n is an \\ texttt{inbook} entry which explicitly refers to the\n \\ emph{Critique of Practical Reason} only, not to the entire\n fifth volume. Note the \\ texttt{author} and \\ texttt{bookauthor}\n fields in the database file. By default, the\n \\ texttt{bookauthor} is omitted if the values of the\n \\ texttt{author} and \\ texttt{bookauthor} fields are identical"
    
     - type: "Book"
     id: "kullback:reprint"
     author:
     - given: "Solomon"
     family: "Kullback"
     title: "Information Theory and Statistics"
     year: "1997"
     publisher: "Dover Publications"
     location: "New York"
     origyear: "1959"
     origpublisher: "John Wiley \& Sons"
     langid: "english"
     langidopts: "variant=american"
     annotation: "A reprint of the \\ texttt{kullback} entry. Note the format of\n \\ texttt{origyear} and \\ texttt{origpublisher}. These fields are\n not used by the standard bibliography styles"
    
     - type: "Book"
     id: "kullback:related"
     author:
     - given: "Solomon"
     family: "Kullback"
     title: "Information Theory and Statistics"
     year: "1997"
     publisher: "Dover Publications"
     location: "New York"
     langid: "english"
     langidopts: "variant=american"
     related: "kullback"
     relatedtype: "origpubin"
     annotation: "A reprint of the \\ texttt{kullback} entry. Note the format of\n the \\ texttt{related} and \\ texttt{relatedtype} fields"
    
     - type: "Patent"
     id: "laufenberg"
     author:
     - given: "Xaver"
     family: "Laufenberg"
    
     - given: "Dominique"
     family: "Eynius"
    
     - given: "Helmut"
     family: "Suelzle"
    
     - given: "Stephan"
     family: "Usbeck"
    
     - given: "Matthias"
     family: "Spaeth"
    
     - given: "Miriam"
     family: "Neuser-Hoffmann"
    
     - given: "Christian"
     family: "Myrzik"
    
     - given: "Manfred"
     family: "Schmid"
    
     - given: "Franz"
     family: "Nietfeld"
    
     - given: "Alexander"
     family: "Thiel"
    
     - given: "Harald"
     family: "Braun"
    
     - given: "Norbert"
     family: "Ebner"
     title: "Elektrische Einrichtung und Betriebsverfahren"
     number: "1700367"
     date: "2006-09-13"
     holder:
     - family: "Robert Bosch GmbH"
    
     - family: "Daimler Chrysler AG"
    
     - family: "Bayerische Motoren Werke AG"
     type: "patenteu"
     langid: "german"
     annotation: "This is a \\ texttt{patent} entry with a \\ texttt{holder} field.\n Note the format of the \\ texttt{type} and \\ texttt{location}\n fields in the database file. Compare \\ texttt{almendro},\n \\ texttt{sorace}, and \\ texttt{kowalik}"
     abstract: "The invention relates to an electric device comprising a\n generator, in particular for use in the vehicle electric\n system of a motor vehicle and a controller for controlling the\n generator voltage. The device is equipped with a control zone,\n in which the voltage is controlled and zones, in which the\n torque is controlled. The invention also relates to methods\n for operating a device of this type."
     file: "https://worldwide.espacenet.com/textdoc?IDX=EP1700367"
    
     - type: "Thesis"
     id: "loh"
     author:
     - given: c("Nin", "C.")
     family: "Loh"
     title: "High-Resolution Micromachined Interferometric Accelerometer"
     type: "mathesis"
     institution: "Massachusetts Institute of Technology"
     date: "1992"
     location: "Cambridge, Mass."
     langid: "english"
     langidopts: "variant=american"
     annotation: "This is a typical \\ texttt{thesis} entry for an MA thesis. Note\n the \\ texttt{type} field in the database file which uses a\n localization key"
    
     - type: "Book"
     id: "malinowski"
     author:
     - given: "BronisÅ<c2><82>aw"
     family: "Malinowski"
     title: "Argonauts of the Western Pacific"
     date: "1972"
     edition: "8"
     publisher: "Routledge and Kegan Paul"
     location: "London"
     langid: "english"
     langidopts: "variant=british"
     subtitle: "An account of native enterprise and adventure in the\n Archipelagoes of Melanesian New Guinea"
     shorttitle: "Argonauts"
     annotation: "This is a \\ texttt{book} entry. Note the format of the\n \\ texttt{publisher} and \\ texttt{edition} fields as well as the\n \\ texttt{subtitle} field"
    
     - type: "Book"
     id: "maron"
     author:
     - given: "Monika"
     family: "Maron"
     title: "Animal Triste"
     date: "2000"
     translator:
     - given: "Brigitte"
     family: "Goldstein"
     origlanguage: "german"
     publisher: "University of Nebraska Press"
     location: "Lincoln"
     langid: "english"
     langidopts: "variant=american"
     shorttitle: "Animal Triste"
     annotation: "An English translation of a German novel with a French title.\n In other words: a \\ texttt{book} entry with a\n \\ texttt{translator} field. Note the \\ texttt{origlanguage}\n field which is concatenated with the \\ texttt{translator}"
    
     - type: "Online"
     id: "markey"
     author:
     - given: "Nicolas"
     family: "Markey"
     title: "Tame the BeaST"
     date: "2005-10-16"
     url: "http://tug.ctan.org/tex-archive/info/bibtex/tamethebeast/ttb_en.pdf"
     subtitle: "The B to X of BibTeX"
     version: "1.3"
     urldate: "2006-10-01"
     langid: "english"
     langidopts: "variant=american"
     sorttitle: "Tame the Beast"
     annotation: "An \\ texttt{online} entry for a tutorial. Note the format of\n the \\ texttt{date} field (\\ texttt{yyyy-mm-dd}) in the database\n file."
    
     - type: "Book"
     id: "massa"
     author:
     - given: "Werner"
     family: "Massa"
     title: "Crystal structure determination"
     date: "2004"
     edition: "2"
     publisher: "Spinger"
     location: "Berlin"
     langid: "english"
     langidopts: "variant=british"
     annotation: "A \\ texttt{book} entry with an \\ texttt{edition} field"
    
     - type: "Article"
     id: "moore"
     author:
     - given: c("Gordon", "E.")
     family: "Moore"
     title: "Cramming more components onto integrated circuits"
     journaltitle: "Electronics"
     year: "1965"
     volume: "38"
     number: "8"
     pages: "114-117"
     langid: "english"
     langidopts: "variant=american"
    
     - type: "Article"
     id: "moore:related"
     author:
     - given: c("Gordon", "E.")
     family: "Moore"
     title: "Cramming more components onto integrated circuits"
     journaltitle: "Proceedings of the {IEEE}"
     year: "1998"
     volume: "86"
     number: "1"
     pages: "82-85"
     langid: "english"
     langidopts: "variant=american"
     related: "moore"
     relatedtype: "reprintfrom"
     annotation: "A reprint of Moore's law. Note the \\ texttt{related} and\n \\ texttt{relatedtype} fields"
    
     - type: "InProceedings"
     id: "moraux"
     author:
     - given: "Paul"
     family: "Moraux"
     editor:
     - given: c("G.", "E.", "R.")
     family: "Lloyd"
    
     - given: c("G.", "E.", "L.")
     family: "Owen"
     title: "Le \\ emph{De Anima} dans la tradition gr{\\`e}cque"
     date: "1979"
     booktitle: "Aristotle on Mind and the Senses"
     subtitle: "Quelques aspects de l'interpretation du trait{\\'e}, de\n Theophraste {\\`a} Themistius"
     booktitleaddon: "Proceedings of the Seventh Symposium Aristotelicum"
     eventdate: "1975"
     publisher: "Cambridge University Press"
     location: "Cambridge"
     pages: "281-324"
     keywords: "secondary"
     langid: "french"
     indexsorttitle: "De Anima dans la tradition grecque"
     indextitle: "\\ emph{De Anima} dans la tradition gr{\\`e}cque, Le"
     shorttitle: "\\ emph{De Anima} dans la tradition gr{\\`e}cque"
     annotation: "This is a typical \\ texttt{inproceedings} entry. Note the\n \\ texttt{booksubtitle}, \\ texttt{shorttitle},\n \\ texttt{indextitle}, and \\ texttt{indexsorttitle} fields. Also\n note the \\ texttt{eventdate} field."
    
     - type: "Book"
     id: "nietzsche:ksa"
     author:
     - given: "Friedrich"
     family: "Nietzsche"
     title: "S{\\ä}mtliche Werke"
     date: "1988"
     editor:
     - given: "Giorgio"
     family: "Colli"
    
     - given: "Mazzino"
     family: "Montinari"
     edition: "2"
     volumes: "15"
     publisher: "Deutscher Taschenbuch-Verlag and Walter de Gruyter"
     location: "M{\\ü}nchen and Berlin and New York"
     langid: "german"
     sortyear: "1988-0"
     sorttitle: "Werke-00-000"
     indexsorttitle: "Samtliche Werke"
     subtitle: "Kritische Studienausgabe"
     annotation: "The critical edition of Nietzsche's works. This is a\n \\ texttt{book} entry referring to a 15-volume work as a\n whole. Note the \\ texttt{volumes} field and the format of the\n \\ texttt{publisher} and \\ texttt{location} fields in the\n database file. Also note the \\ texttt{sorttitle} and\n \\ texttt{sortyear} fields which are used to fine-tune the\n sorting order of the bibliography. We want this item listed\n first in the bibliography"
    
     - type: "Book"
     id: "nietzsche:ksa1"
     author:
     - given: "Friedrich"
     family: "Nietzsche"
     title: "Die Geburt der Trag{\\ö}die. Unzeitgem{\\ä}{\\ ss}e\n Betrachtungen I--IV. Nachgelassene Schriften 1870--1973"
     date: "1988"
     editor:
     - given: "Giorgio"
     family: "Colli"
    
     - given: "Mazzino"
     family: "Montinari"
     maintitle: "S{\\ä}mtliche Werke"
     mainsubtitle: "Kritische Studienausgabe"
     volume: "1"
     edition: "2"
     publisher: "Deutscher Taschenbuch-Verlag and Walter de Gruyter"
     location: "M{\\ü}nchen and Berlin and New York"
     langid: "german"
     sortyear: "1988-1"
     sorttitle: "Werke-01-000"
     indexsorttitle: "Samtliche Werke I"
     bookauthor:
     - given: "Friedrich"
     family: "Nietzsche"
     indextitle: "S{\\ä}mtliche Werke I"
     shorttitle: "S{\\ä}mtliche Werke I"
     annotation: "A single volume from the critical edition of Nietzsche's\n works. This \\ texttt{book} entry explicitly refers to the first\n volume only. Note the \\ texttt{title} and \\ texttt{maintitle}\n fields. Also note the \\ texttt{sorttitle} and \\ texttt{sortyear}\n fields. We want this entry to be listed after the entry\n referring to the entire edition"
    
     - type: "InBook"
     id: "nietzsche:historie"
     title: "Unzeitgem{\\ä}sse Betrachtungen. Zweites St{\\ü}ck"
     date: "1988"
     author:
     - given: "Friedrich"
     family: "Nietzsche"
     booktitle: "Die Geburt der Trag{\\ö}die. Unzeitgem{\\ä}{\\ ss}e\n Betrachtungen I--IV. Nachgelassene Schriften 1870--1973"
     bookauthor:
     - given: "Friedrich"
     family: "Nietzsche"
     editor:
     - given: "Giorgio"
     family: "Colli"
    
     - given: "Mazzino"
     family: "Montinari"
     subtitle: "Vom Nutzen und Nachtheil der Historie f{\\ü}r das Leben"
     maintitle: "S{\\ä}mtliche Werke"
     mainsubtitle: "Kritische Studienausgabe"
     volume: "1"
     publisher: "Deutscher Taschenbuch-Verlag and Walter de Gruyter"
     location: "M{\\ü}nchen and Berlin and New York"
     pages: "243-334"
     langid: "german"
     sortyear: "1988-2"
     sorttitle: "Werke-01-243"
     indexsorttitle: "Vom Nutzen und Nachtheil der Historie fur das Leben"
     indextitle: "Vom Nutzen und Nachtheil der Historie f{\\ü}r das Leben"
     shorttitle: "Vom Nutzen und Nachtheil der Historie"
     annotation: "A single essay from the critical edition of Nietzsche's works.\n This \\ texttt{inbook} entry explicitly refers to an essay found\n in the first volume. Note the \\ texttt{title},\n \\ texttt{booktitle}, and \\ texttt{maintitle} fields. Also note\n the \\ texttt{sorttitle} and \\ texttt{sortyear} fields. We want\n this entry to be listed after the entry referring to the\n entire first volume"
    
     - type: "Book"
     id: "nussbaum"
     author:
     - given: "Martha"
     family: "Nussbaum"
     title: "Aristotle's \\ mkbibquote{De Motu Animalium}"
     date: "1978"
     publisher: "Princeton University Press"
     location: "Princeton"
     keywords: "secondary"
     langid: "english"
     langidopts: "variant=american"
     sorttitle: "Aristotle's De Motu Animalium"
     indexsorttitle: "Aristotle's De Motu Animalium"
     annotation: "A \\ texttt{book} entry. Note the \\ texttt{sorttitle} and\n \\ texttt{indexsorttitle} fields and the markup of the quotes in\n the database file"
    
     - type: "Report"
     id: "padhye"
     author:
     - given: "Jitendra"
     family: "Padhye"
    
     - given: "Victor"
     family: "Firoiu"
    
     - given: "Don"
     family: "Towsley"
     title: "A Stochastic Model of TCP Reno Congestion Avoidance and\n Control"
     type: "techreport"
     institution: "University of Massachusetts"
     date: "1999"
     number: "99-02"
     location: "Amherst, Mass."
     langid: "english"
     langidopts: "variant=american"
     sorttitle: "A Stochastic Model of TCP Reno Congestion Avoidance and\n Control"
     indextitle: "Stochastic Model of TCP Reno Congestion Avoidance and Control,\n A"
     annotation: "This is a \\ texttt{report} entry for a technical report. Note\n the format of the \\ texttt{type} field in the database file\n which uses a localization key. The number of the report is\n given in the \\ texttt{number} field. Also note the\n \\ texttt{sorttitle} and \\ texttt{indextitle} fields"
     abstract: "The steady state performance of a bulk transfer TCP flow\n (i.e. a flow with a large amount of data to send, such as FTP\n transfers) may be characterized by three quantities. The first\n is the send rate, which is the amount of data sent by the\n sender in unit time. The second is the throughput, which is\n the amount of data received by the receiver in unit time. Note\n that the throughput will always be less than or equal to the\n send rate due to losses. Finally, the number of non-duplicate\n packets received by the receiver in unit time gives us the\n goodput of the connection. The goodput is always less than or\n equal to the throughput, since the receiver may receive two\n copies of the same packet due to retransmissions by the\n sender. In a previous paper, we presented a simple model for\n predicting the steady state send rate of a bulk transfer TCP\n flow as a function of loss rate and round trip time. In this\n paper, we extend that work in two ways. First, we analyze the\n performance of bulk transfer TCP flows using more precise,\n stochastic analysis. Second, we build upon the previous\n analysis to provide both an approximate formula as well as a\n more accurate stochastic model for the steady state throughput\n of a bulk transfer TCP flow."
     file: "ftp://gaia.cs.umass.edu/pub/Padhey99-markov.ps"
    
     - type: "Book"
     id: "piccato"
     author:
     - given: "Pablo"
     family: "Piccato"
     title: "City of Suspects"
     date: "2001"
     publisher: "Duke University Press"
     location: "Durham and London"
     langid: "english"
     langidopts: "variant=american"
     subtitle: "Crime in Mexico City, 1900--1931"
     shorttitle: "City of Suspects"
     annotation: "This is a \\ texttt{book} entry. Note the format of the\n \\ texttt{location} field in the database file"
    
     - type: "InCollection"
     id: "pines"
     author:
     - given: "Shlomo"
     family: "Pines"
     editor:
     - given: "Isadore"
     family: "Twersky"
     title: "The Limitations of Human Knowledge According to Al-Farabi, ibn\n Bajja, and Maimonides"
     date: "1979"
     booktitle: "Studies in Medieval Jewish History and Literature"
     publisher: "Harvard University Press"
     location: "Cambridge, Mass."
     pages: "82-109"
     keywords: "secondary"
     langid: "english"
     langidopts: "variant=american"
     indextitle: "Limitations of Human Knowledge According to Al-Farabi, ibn\n Bajja, and Maimonides, The"
     shorttitle: "Limitations of Human Knowledge"
     annotation: "A typical \\ texttt{incollection} entry. Note the\n \\ texttt{indextitle} field"
    
     - type: "Patent"
     id: "sorace"
     author:
     - given: c("Ronald", "E.")
     family: "Sorace"
    
     - given: c("Victor", "S.")
     family: "Reinhardt"
    
     - given: c("Steven", "A.")
     family: "Vaughn"
     title: "High-Speed Digital-to-RF Converter"
     number: "5668842"
     date: "1997-09-16"
     holder:
     - family: "Hughes Aircraft Company"
     type: "patentus"
     langid: "english"
     langidopts: "variant=american"
     annotation: "This is a \\ texttt{patent} entry with a \\ texttt{holder} field.\n Note the format of the \\ texttt{type} and \\ texttt{date} fields\n in the database file. Compare \\ texttt{almendro},\n \\ texttt{laufenberg}, and \\ texttt{kowalik}"
    
     - type: "InProceedings"
     id: "salam"
     author:
     - given: "Abdus"
     family: "Salam"
     editor:
     - given: "Nils"
     family: "Svartholm"
     title: "Weak and Electromagnetic Interactions"
     date: "1968"
     booktitle: "Elementary particle theory"
     booksubtitle: "Relativistic groups and analyticity"
     booktitleaddon: "Proceedings of the Eighth Nobel Symposium"
     eventdate: "1968-05-19/1968-05-25"
     venue: "Aspen{\\ä}sgarden, Lerum"
     publisher: "Almquist \& Wiksell"
     location: "Stockholm"
     pages: "367-377"
    
     - type: "Book"
     id: "vizedom:related"
     title: "The Rites of Passage"
     year: "1960"
     translator:
     - given: c("Monika", "B.")
     family: "Vizedom"
    
     - given: c("Gabrielle", "L.")
     family: "Caffee"
     language: "english"
     publisher: "University of Chicago Press"
     langid: "english"
     langidopts: "variant=american"
     options: "usetranslator"
     related: "vangennep"
     relatedtype: "translationof"
     indextitle: "Rites of Passage, The"
     sorttitle: "Rites of Passage"
     shorttitle: "Rites of Passage"
     annotation: "A translated work from \\ texttt{vangennep}. Note the format of\n the \\ texttt{related} and \\ texttt{relatedtype} fields"
    
     - type: "Book"
     id: "vazques-de-parga"
     author:
     - given: "Luis"
     family: "Vázques de Parga"
    
     - given: c("José", "Mar\\'ia")
     family: "Lacarra"
    
     - given: "Juan"
     family: "Uría Ríu"
     title: "Las Peregrinaciones a Santiago de Compostela"
     date: "1993"
     volumes: "3"
     note: "Ed. facs. de la realizada en 1948--49"
     publisher: "Iberdrola"
     location: "Pamplona"
     langid: "spanish"
     sorttitle: "Peregrinaciones a Santiago de Compostela"
     indextitle: "Peregrinaciones a Santiago de Compostela, Las"
     shorttitle: "Peregrinaciones"
     annotation: "A multivolume book cited as a whole. This is a \\ texttt{book}\n entry with \\ texttt{volumes}, \\ texttt{note},\n \\ texttt{sorttitle}, and \\ texttt{indextitle} fields"
    
     - type: "Online"
     id: "wassenberg"
     author:
     - given: "Jan"
     family: "Wassenberg"
    
     - given: "Peter"
     family: "Sanders"
     title: "Faster Radix Sort via Virtual Memory and Write-Combining"
     date: "2010-08-17"
     version: "1"
     langid: "english"
     langidopts: "variant=american"
     eprinttype: "arxiv"
     eprintclass: "cs.DS"
     eprint: "1008.2849v1"
     annotation: "A recent \\ texttt{online} reference from arXiv using the new\n (April 2007 onward) identifier format. Note the\n \\ texttt{eprint}, \\ texttt{eprinttype}, and \\ texttt{eprintclass}\n fields. Also note that the arXiv reference is transformed into\n a clickable link if \\ texttt{hyperref} support has been\n enabled"
     abstract: "Sorting algorithms are the deciding factor for the performance\n of common operations such as removal of duplicates or database\n sort-merge joins. This work focuses on 32-bit integer keys,\n optionally paired with a 32-bit value. We present a fast radix\n sorting algorithm that builds upon a microarchitecture-aware\n variant of counting sort"
    
     - type: "Collection"
     id: "westfahl:frontier"
     editor:
     - given: "Gary"
     family: "Westfahl"
     title: "Space and Beyond"
     date: "2000"
     subtitle: "The Frontier Theme in Science Fiction"
     publisher: "Greenwood"
     location: "Westport, Conn. and London"
     langid: "english"
     langidopts: "variant=american"
     booktitle: "Space and Beyond"
     booksubtitle: "The Frontier Theme in Science Fiction"
     annotation: "This is a \\ texttt{collection} entry. Note the format of the\n \\ texttt{location} field as well as the \\ texttt{subtitle} and\n \\ texttt{booksubtitle} fields"
    
     - type: "Book"
     id: "wilde"
     author:
     - given: "Oscar"
     family: "Wilde"
     title: "The Importance of Being Earnest: A Trivial Comedy for Serious\n People"
     year: "1899"
     series: "English and American drama of the Nineteenth Century"
     publisher: "Leonard Smithers and Company"
     eprint: "4HIWAAAAYAAJ"
     eprinttype: "googlebooks"
     annotation: "A \\ texttt{book} with \\ texttt{eprint} and \\ texttt{eprinttype}\n fields."
    
     - type: "Book"
     id: "worman"
     author:
     - given: "Nancy"
     family: "Worman"
     title: "The Cast of Character"
     date: "2002"
     publisher: "University of Texas Press"
     location: "Austin"
     langid: "english"
     langidopts: "variant=american"
     sorttitle: "Cast of Character"
     indextitle: "Cast of Character, The"
     subtitle: "Style in Greek Literature"
     shorttitle: "Cast of Character"
     annotation: "A \\ texttt{book} entry. Note the \\ texttt{sorttitle} and\n \\ texttt{indextitle} fields"
     c(bibentry(bibtype = "Article",
     key = "doody",
     author = person(given = "Terrence",
     family = "Doody"),
     title = "Hemingway's Style and Jake's Narration",
     year = "1974",
     volume = "4",
     number = "3",
     pages = "212-225",
     langid = "english",
     langidopts = "variant=american",
     related = "matuz:doody",
     relatedstring = "\\autocap{e}xcerpt in",
     journal = "The Journal of Narrative Technique",
     annotation = "An \\texttt{article} entry cited as an excerpt from a\n \\texttt{collection} entry. Note the format of the\n \\texttt{related} and \\texttt{relatedstring} fields"),
     bibentry(bibtype = "Article",
     key = "gillies",
     author = person(given = "Alexander",
     family = "Gillies"),
     title = "Herder and the Preparation of Goethe's Idea of World\n Literature",
     journaltitle = "Publications of the English Goethe Society",
     date = "1933",
     series = "newseries",
     volume = "9",
     pages = "46-67",
     langid = "english",
     langidopts = "variant=british",
     annotation = "An \\texttt{article} entry with a \\texttt{series} and a\n \\texttt{volume} field. Note that format of the \\texttt{series}\n field in the database file"),
     bibentry(bibtype = "Collection",
     key = "matuz:doody",
     editor = person(given = "Roger",
     family = "Matuz"),
     title = "Contemporary Literary Criticism",
     year = "1990",
     volume = "61",
     publisher = "Gale",
     location = "Detroit",
     pages = "204-208",
     langid = "english",
     langidopts = "variant=american",
     annotation = "A \\texttt{collection} entry providing the excerpt information\n for the \\texttt{doody} entry. Note the format of the\n \\texttt{pages} field"))
     <p>[1]<cite>
     J. Smith.
     <em>Title with \badmacro</em>.
     2018.</cite></p>
     -- 1. Error: basic Zotero search (@test-zotero.R#14) --------------------------
     Could not parse the returned BibTeX results. If 'delete.file' is FALSE, you can try viewing and editing the file: D:\temp\RtmpqWt7ji\file1a6f410c34b85.bib
     1: ReadZotero(user = "1648676", .params = list(q = "bayesian", key = "7lhgvcwVq60CDi7E68FyE3br",
     limit = 2)) at testthat/test-zotero.R:14
     2: stop(gettextf("Could not parse the returned BibTeX results. If %s %s%s", sQuote("delete.file"),
     "is FALSE, you can try viewing and editing the file: ", temp.file))
    
     == testthat results ===========================================================
     OK: 116 SKIPPED: 19 FAILED: 1
     1. Error: basic Zotero search (@test-zotero.R#14)
    
     Error: testthat unit tests failed
     Execution halted
Flavor: r-devel-windows-ix86+x86_64