CRAN Package Check Results for Package Recocrop

Last updated on 2024-06-22 03:49:40 CEST.

Flavor Version Tinstall Tcheck Ttotal Status Flags
r-devel-linux-x86_64-debian-clang 0.4-1 53.84 244.17 298.01 NOTE
r-devel-linux-x86_64-debian-gcc 0.4-1 36.04 168.83 204.87 NOTE
r-devel-linux-x86_64-fedora-clang 0.4-1 361.09 NOTE
r-devel-linux-x86_64-fedora-gcc 0.4-1 348.85 NOTE
r-devel-windows-x86_64 0.4-1 41.00 166.00 207.00 NOTE
r-patched-linux-x86_64 0.4-1 46.67 227.42 274.09 NOTE
r-release-linux-x86_64 0.4-1 51.64 225.12 276.76 NOTE
r-release-macos-arm64 0.4-1 65.00 NOTE
r-release-macos-x86_64 0.4-1 117.00 NOTE
r-release-windows-x86_64 0.4-1 42.00 169.00 211.00 NOTE
r-oldrel-macos-arm64 0.4-1 72.00 NOTE
r-oldrel-macos-x86_64 0.4-1 160.00 NOTE
r-oldrel-windows-x86_64 0.4-1 55.00 214.00 269.00 NOTE

Check Details

Version: 0.4-1
Check: C++ specification
Result: NOTE Specified C++11: please drop specification unless essential Flavors: r-devel-linux-x86_64-debian-clang, r-devel-linux-x86_64-debian-gcc, r-devel-linux-x86_64-fedora-clang, r-devel-linux-x86_64-fedora-gcc, r-devel-windows-x86_64, r-patched-linux-x86_64, r-release-linux-x86_64, r-release-macos-arm64, r-release-macos-x86_64, r-release-windows-x86_64, r-oldrel-macos-arm64, r-oldrel-macos-x86_64, r-oldrel-windows-x86_64