CRAN Package Check Results for Package RealVAMS

Last updated on 2023-03-22 04:52:55 CET.

Flavor Version Tinstall Tcheck Ttotal Status Flags
r-devel-linux-x86_64-debian-clang 0.4-5 41.65 91.04 132.69 NOTE
r-devel-linux-x86_64-debian-gcc 0.4-5 35.28 69.53 104.81 NOTE
r-devel-linux-x86_64-fedora-clang 0.4-5 176.55 NOTE
r-devel-linux-x86_64-fedora-gcc 0.4-5 175.29 NOTE
r-devel-windows-x86_64 0.4-5 58.00 138.00 196.00 NOTE
r-patched-linux-x86_64 0.4-5 35.17 87.89 123.06 OK
r-release-linux-x86_64 0.4-5 38.72 87.79 126.51 OK
r-release-macos-arm64 0.4-5 46.00 OK
r-release-macos-x86_64 0.4-5 65.00 OK
r-release-windows-x86_64 0.4-5 64.00 137.00 201.00 OK
r-oldrel-macos-arm64 0.4-5 50.00 OK
r-oldrel-macos-x86_64 0.4-5 64.00 OK
r-oldrel-windows-ix86+x86_64 0.4-5 106.00 151.00 257.00 OK

Check Details

Version: 0.4-5
Check: C++ specification
Result: NOTE
     Specified C++11: please drop specification unless essential
Flavors: r-devel-linux-x86_64-debian-clang, r-devel-linux-x86_64-debian-gcc, r-devel-linux-x86_64-fedora-clang, r-devel-linux-x86_64-fedora-gcc, r-devel-windows-x86_64