Last updated on 2023-10-03 01:05:01 CEST.
Flavor | Version | Tinstall | Tcheck | Ttotal | Status | Flags |
---|---|---|---|---|---|---|
r-devel-linux-x86_64-debian-clang | 0.4-5 | 49.41 | 90.41 | 139.82 | NOTE | |
r-devel-linux-x86_64-debian-gcc | 0.4-5 | 31.46 | 69.27 | 100.73 | NOTE | |
r-devel-linux-x86_64-fedora-clang | 0.4-5 | 176.92 | NOTE | |||
r-devel-linux-x86_64-fedora-gcc | 0.4-5 | 176.31 | NOTE | |||
r-devel-windows-x86_64 | 0.4-5 | 35.00 | 112.00 | 147.00 | NOTE | |
r-patched-linux-x86_64 | 0.4-5 | 47.60 | 88.25 | 135.85 | NOTE | |
r-release-linux-x86_64 | 0.4-5 | 47.95 | 89.04 | 136.99 | NOTE | |
r-release-macos-arm64 | 0.4-5 | 50.00 | NOTE | |||
r-release-macos-x86_64 | 0.4-5 | 82.00 | NOTE | |||
r-release-windows-x86_64 | 0.4-5 | 46.00 | 126.00 | 172.00 | NOTE | |
r-oldrel-macos-arm64 | 0.4-5 | 46.00 | OK | |||
r-oldrel-macos-x86_64 | 0.4-5 | 65.00 | OK | |||
r-oldrel-windows-x86_64 | 0.4-5 | 45.00 | 118.00 | 163.00 | OK |
Version: 0.4-5
Check: C++ specification
Result: NOTE
Specified C++11: please drop specification unless essential
Flavors: r-devel-linux-x86_64-debian-clang, r-devel-linux-x86_64-debian-gcc, r-devel-linux-x86_64-fedora-clang, r-devel-linux-x86_64-fedora-gcc, r-devel-windows-x86_64, r-patched-linux-x86_64, r-release-linux-x86_64, r-release-macos-arm64, r-release-macos-x86_64, r-release-windows-x86_64