CRAN Package Check Results for Package Rd2roxygen

Last updated on 2021-08-05 12:57:24 CEST.

Flavor Version Tinstall Tcheck Ttotal Status Flags
r-devel-linux-x86_64-debian-clang 1.11 2.62 26.03 28.65 OK
r-devel-linux-x86_64-debian-gcc 1.11 2.04 20.29 22.33 OK
r-devel-linux-x86_64-fedora-clang 1.11 43.48 OK
r-devel-linux-x86_64-fedora-gcc 1.11 32.98 OK
r-devel-windows-x86_64 1.11 3.00 41.00 44.00 OK
r-devel-windows-x86_64-gcc10-UCRT 1.11 ERROR
r-patched-linux-x86_64 1.11 2.52 24.68 27.20 OK
r-patched-solaris-x86 1.11 52.50 OK
r-release-linux-x86_64 1.11 2.12 25.01 27.13 OK
r-release-macos-arm64 1.11 OK
r-release-macos-x86_64 1.11 OK
r-release-windows-ix86+x86_64 1.11 6.00 42.00 48.00 OK
r-oldrel-macos-x86_64 1.11 OK
r-oldrel-windows-ix86+x86_64 1.11 5.00 43.00 48.00 OK

Check Details

Version: 1.11
Check: package dependencies
Result: ERROR
    Package required but not available: 'roxygen2'
    
    See section 'The DESCRIPTION file' in the 'Writing R Extensions'
    manual.
Flavor: r-devel-windows-x86_64-gcc10-UCRT