CRAN Package Check Results for Package Rcssplot

Last updated on 2023-06-09 19:56:33 CEST.

Flavor Version Tinstall Tcheck Ttotal Status Flags
r-devel-linux-x86_64-debian-clang 1.0.0 3.85 39.83 43.68 NOTE
r-devel-linux-x86_64-debian-gcc 1.0.0 2.19 31.29 33.48 NOTE
r-devel-linux-x86_64-fedora-clang 1.0.0 55.81 NOTE
r-devel-linux-x86_64-fedora-gcc 1.0.0 65.61 NOTE
r-devel-windows-x86_64 1.0.0 8.00 67.00 75.00 NOTE
r-patched-linux-x86_64 1.0.0 4.30 38.50 42.80 NOTE
r-release-linux-x86_64 1.0.0 2.67 38.68 41.35 NOTE
r-release-macos-arm64 1.0.0 26.00 NOTE
r-release-macos-x86_64 1.0.0 37.00 NOTE
r-release-windows-x86_64 1.0.0 6.00 74.00 80.00 NOTE
r-oldrel-macos-arm64 1.0.0 20.00 NOTE
r-oldrel-macos-x86_64 1.0.0 30.00 NOTE
r-oldrel-windows-x86_64 1.0.0 5.00 70.00 75.00 NOTE

Check Details

Version: 1.0.0
Check: LazyData
Result: NOTE
     'LazyData' is specified without a 'data' directory
Flavors: r-devel-linux-x86_64-debian-clang, r-devel-linux-x86_64-debian-gcc, r-devel-linux-x86_64-fedora-clang, r-devel-linux-x86_64-fedora-gcc, r-devel-windows-x86_64, r-patched-linux-x86_64, r-release-linux-x86_64, r-release-macos-arm64, r-release-macos-x86_64, r-release-windows-x86_64, r-oldrel-macos-arm64, r-oldrel-macos-x86_64, r-oldrel-windows-x86_64