CRAN Package Check Results for Package Rcssplot

Last updated on 2024-04-14 16:54:57 CEST.

Flavor Version Tinstall Tcheck Ttotal Status Flags
r-devel-linux-x86_64-debian-clang 1.0.0 4.01 42.39 46.40 NOTE
r-devel-linux-x86_64-debian-gcc 1.0.0 2.85 32.57 35.42 NOTE
r-devel-linux-x86_64-fedora-clang 1.0.0 58.12 NOTE
r-devel-linux-x86_64-fedora-gcc 1.0.0 73.73 NOTE
r-devel-windows-x86_64 1.0.0 4.00 70.00 74.00 NOTE
r-patched-linux-x86_64 1.0.0 3.85 41.50 45.35 NOTE
r-release-linux-x86_64 1.0.0 3.68 39.43 43.11 NOTE
r-release-macos-arm64 1.0.0 26.00 NOTE
r-release-macos-x86_64 1.0.0 37.00 NOTE
r-release-windows-x86_64 1.0.0 4.00 72.00 76.00 NOTE
r-oldrel-macos-arm64 1.0.0 20.00 NOTE
r-oldrel-windows-x86_64 1.0.0 6.00 70.00 76.00 NOTE

Check Details

Version: 1.0.0
Check: LazyData
Result: NOTE 'LazyData' is specified without a 'data' directory Flavors: r-devel-linux-x86_64-debian-clang, r-devel-linux-x86_64-debian-gcc, r-devel-linux-x86_64-fedora-clang, r-devel-linux-x86_64-fedora-gcc, r-devel-windows-x86_64, r-patched-linux-x86_64, r-release-linux-x86_64, r-release-macos-arm64, r-release-macos-x86_64, r-release-windows-x86_64, r-oldrel-macos-arm64, r-oldrel-windows-x86_64