CRAN Package Check Results for Package RcppUUID

Last updated on 2023-03-22 04:52:55 CET.

Flavor Version Tinstall Tcheck Ttotal Status Flags
r-devel-linux-x86_64-debian-clang 1.1.1 28.01 27.63 55.64 NOTE
r-devel-linux-x86_64-debian-gcc 1.1.1 23.57 22.01 45.58 NOTE
r-devel-linux-x86_64-fedora-clang 1.1.1 84.17 NOTE
r-devel-linux-x86_64-fedora-gcc 1.1.1 75.26 NOTE
r-devel-windows-x86_64 1.1.1 41.00 83.00 124.00 NOTE
r-patched-linux-x86_64 1.1.1 24.92 28.10 53.02 OK
r-release-linux-x86_64 1.1.1 24.22 28.00 52.22 OK
r-release-macos-arm64 1.1.1 28.00 OK
r-release-macos-x86_64 1.1.1 40.00 OK
r-release-windows-x86_64 1.1.1 36.00 78.00 114.00 OK
r-oldrel-macos-arm64 1.1.1 22.00 OK
r-oldrel-macos-x86_64 1.1.1 32.00 OK
r-oldrel-windows-ix86+x86_64 1.1.1 71.00 86.00 157.00 OK

Check Details

Version: 1.1.1
Check: C++ specification
Result: NOTE
     Specified C++11: please drop specification unless essential
Flavors: r-devel-linux-x86_64-debian-clang, r-devel-linux-x86_64-debian-gcc, r-devel-linux-x86_64-fedora-clang, r-devel-linux-x86_64-fedora-gcc, r-devel-windows-x86_64