CRAN Package Check Results for Package RcppTOML

Last updated on 2017-06-23 17:48:22.

Flavor Version Tinstall Tcheck Ttotal Status Flags
r-devel-linux-x86_64-debian-clang 0.1.3 15.36 16.47 31.83 OK
r-devel-linux-x86_64-debian-gcc 0.1.3 15.34 16.11 31.44 OK
r-devel-linux-x86_64-fedora-clang 0.1.3 56.23 OK
r-devel-linux-x86_64-fedora-gcc 0.1.3 56.79 OK
r-devel-windows-ix86+x86_64 0.1.3 49.00 72.00 121.00 OK
r-patched-linux-x86_64 0.1.3 13.08 16.06 29.14 OK
r-patched-solaris-sparc 0.1.3 277.40 OK
r-patched-solaris-x86 0.1.3 67.60 OK
r-release-linux-x86_64 0.1.3 13.05 17.02 30.07 OK
r-release-windows-ix86+x86_64 0.1.3 53.00 97.00 150.00 OK
r-release-osx-x86_64 0.1.3 OK
r-oldrel-windows-ix86+x86_64 0.1.3 66.00 69.00 135.00 OK
r-oldrel-osx-x86_64 0.1.3 ERROR

Check Details

Version: 0.1.3
Check: whether package can be installed
Result: ERROR
    Installation failed.
Flavor: r-oldrel-osx-x86_64