CRAN Package Check Results for Package RcppTOML

Last updated on 2017-04-28 03:48:21.

Flavor Version Tinstall Tcheck Ttotal Status Flags
r-devel-linux-x86_64-debian-clang 0.1.3 14.37 16.15 30.52 OK
r-devel-linux-x86_64-debian-gcc 0.1.3 13.62 15.89 29.52 OK
r-devel-linux-x86_64-fedora-clang 0.1.3 33.98 OK --no-stop-on-test-error
r-devel-linux-x86_64-fedora-gcc 0.1.3 29.67 OK --no-stop-on-test-error
r-devel-windows-ix86+x86_64 0.1.3 47.00 61.00 108.00 OK
r-patched-linux-x86_64 0.1.3 12.03 15.94 27.96 OK
r-patched-solaris-sparc 0.1.3 277.40 OK
r-patched-solaris-x86 0.1.3 60.10 OK
r-release-linux-x86_64 0.1.3 11.76 16.46 28.22 OK
r-release-windows-ix86+x86_64 0.1.3 44.00 55.00 99.00 OK
r-release-osx-x86_64 0.1.3 OK
r-oldrel-windows-ix86+x86_64 0.1.3 59.00 71.00 130.00 OK
r-oldrel-osx-x86_64 0.1.3 ERROR

Check Details

Version: 0.1.3
Check: whether package can be installed
Result: ERROR
    Installation failed.
Flavor: r-oldrel-osx-x86_64