Last updated on 2023-03-23 20:50:41 CET.
Flavor | Version | Tinstall | Tcheck | Ttotal | Status | Flags |
---|---|---|---|---|---|---|
r-devel-linux-x86_64-debian-clang | 0.1.3 | 84.41 | 26.35 | 110.76 | NOTE | |
r-devel-linux-x86_64-debian-gcc | 0.1.3 | 69.29 | 24.90 | 94.19 | NOTE | |
r-devel-linux-x86_64-fedora-clang | 0.1.3 | 164.30 | NOTE | |||
r-devel-linux-x86_64-fedora-gcc | 0.1.3 | 161.12 | NOTE | |||
r-devel-windows-x86_64 | 0.1.3 | 144.00 | 100.00 | 244.00 | NOTE | |
r-patched-linux-x86_64 | 0.1.3 | 75.57 | 30.81 | 106.38 | OK | |
r-release-linux-x86_64 | 0.1.3 | 78.50 | 31.19 | 109.69 | OK | |
r-release-macos-arm64 | 0.1.3 | 41.00 | NOTE | |||
r-release-macos-x86_64 | 0.1.3 | 62.00 | NOTE | |||
r-release-windows-x86_64 | 0.1.3 | 141.00 | 106.00 | 247.00 | OK | |
r-oldrel-macos-arm64 | 0.1.3 | 45.00 | NOTE | |||
r-oldrel-macos-x86_64 | 0.1.3 | 74.00 | NOTE | |||
r-oldrel-windows-ix86+x86_64 | 0.1.3 | 215.00 | 114.00 | 329.00 | OK |
Version: 0.1.3
Check: C++ specification
Result: NOTE
Specified C++11: please drop specification unless essential
Flavors: r-devel-linux-x86_64-debian-clang, r-devel-linux-x86_64-debian-gcc, r-devel-linux-x86_64-fedora-clang, r-devel-linux-x86_64-fedora-gcc, r-devel-windows-x86_64
Version: 0.1.3
Check: installed package size
Result: NOTE
installed size is 5.3Mb
sub-directories of 1Mb or more:
libs 4.5Mb
Flavors: r-release-macos-arm64, r-release-macos-x86_64, r-oldrel-macos-arm64, r-oldrel-macos-x86_64