CRAN Package Check Results for Package RcppSMC

Last updated on 2021-09-24 15:51:54 CEST.

Flavor Version Tinstall Tcheck Ttotal Status Flags
r-devel-linux-x86_64-debian-clang 0.2.5 128.16 35.26 163.42 OK
r-devel-linux-x86_64-debian-gcc 0.2.5 90.54 25.75 116.29 OK
r-devel-linux-x86_64-fedora-clang 0.2.5 252.97 NOTE
r-devel-linux-x86_64-fedora-gcc 0.2.5 223.33 OK
r-devel-windows-x86_64 0.2.5 118.00 48.00 166.00 OK
r-devel-windows-x86_64-gcc10-UCRT 0.2.5 OK
r-patched-linux-x86_64 0.2.5 113.90 31.94 145.84 OK
r-patched-solaris-x86 0.2.5 205.80 OK
r-release-linux-x86_64 0.2.5 116.20 32.09 148.29 OK
r-release-macos-arm64 0.2.5 NOTE
r-release-macos-x86_64 0.2.5 NOTE
r-release-windows-ix86+x86_64 0.2.5 315.00 84.00 399.00 OK
r-oldrel-macos-x86_64 0.2.5 NOTE
r-oldrel-windows-ix86+x86_64 0.2.5 230.00 76.00 306.00 OK

Check Details

Version: 0.2.5
Check: installed package size
Result: NOTE
     installed size is 6.1Mb
     sub-directories of 1Mb or more:
     libs 5.8Mb
Flavors: r-devel-linux-x86_64-fedora-clang, r-release-macos-arm64, r-release-macos-x86_64, r-oldrel-macos-x86_64