CRAN Package Check Results for Package RcppSMC

Last updated on 2022-01-26 04:52:49 CET.

Flavor Version Tinstall Tcheck Ttotal Status Flags
r-devel-linux-x86_64-debian-clang 0.2.6 134.09 43.41 177.50 OK
r-devel-linux-x86_64-debian-gcc 0.2.6 97.33 31.98 129.31 OK
r-devel-linux-x86_64-fedora-clang 0.2.6 255.53 NOTE
r-devel-linux-x86_64-fedora-gcc 0.2.6 223.09 OK
r-devel-windows-x86_64-new-UL 0.2.6 111.00 90.00 201.00 OK
r-devel-windows-x86_64-new-TK 0.2.6 OK
r-patched-linux-x86_64 0.2.6 122.53 39.37 161.90 OK
r-release-linux-x86_64 0.2.6 108.04 39.54 147.58 OK
r-release-macos-arm64 0.2.6 NOTE
r-release-macos-x86_64 0.2.6 NOTE
r-release-windows-ix86+x86_64 0.2.6 314.00 82.00 396.00 OK
r-oldrel-macos-x86_64 0.2.6 NOTE
r-oldrel-windows-ix86+x86_64 0.2.6 315.00 83.00 398.00 OK

Check Details

Version: 0.2.6
Check: installed package size
Result: NOTE
     installed size is 6.1Mb
     sub-directories of 1Mb or more:
     libs 5.8Mb
Flavors: r-devel-linux-x86_64-fedora-clang, r-release-macos-arm64, r-release-macos-x86_64, r-oldrel-macos-x86_64