Last updated on 2023-03-25 02:49:17 CET.
Flavor | Version | Tinstall | Tcheck | Ttotal | Status | Flags |
---|---|---|---|---|---|---|
r-devel-linux-x86_64-debian-clang | 0.2.3 | 25.89 | 52.97 | 78.86 | NOTE | |
r-devel-linux-x86_64-debian-gcc | 0.2.3 | 20.19 | 41.27 | 61.46 | NOTE | |
r-devel-linux-x86_64-fedora-clang | 0.2.3 | 119.38 | NOTE | |||
r-devel-linux-x86_64-fedora-gcc | 0.2.3 | 133.25 | NOTE | |||
r-devel-windows-x86_64 | 0.2.3 | 32.00 | 136.00 | 168.00 | OK | |
r-patched-linux-x86_64 | 0.2.3 | 25.51 | 54.68 | 80.19 | NOTE | |
r-release-linux-x86_64 | 0.2.3 | 25.03 | 53.97 | 79.00 | NOTE | |
r-release-macos-arm64 | 0.2.3 | 44.00 | OK | |||
r-release-macos-x86_64 | 0.2.3 | 70.00 | NOTE | |||
r-release-windows-x86_64 | 0.2.3 | 35.00 | 125.00 | 160.00 | OK | |
r-oldrel-macos-arm64 | 0.2.3 | 49.00 | OK | |||
r-oldrel-macos-x86_64 | 0.2.3 | 65.00 | OK | |||
r-oldrel-windows-ix86+x86_64 | 0.2.3 | 50.00 | 162.00 | 212.00 | WARN |
Version: 0.2.3
Check: package dependencies
Result: NOTE
Package suggested but not available for checking: ‘rredis’
Flavors: r-devel-linux-x86_64-debian-clang, r-devel-linux-x86_64-debian-gcc, r-devel-linux-x86_64-fedora-clang, r-devel-linux-x86_64-fedora-gcc, r-patched-linux-x86_64, r-release-linux-x86_64, r-release-macos-x86_64
Version: 0.2.3
Check: whether package can be installed
Result: WARN
Found the following significant warnings:
../windows/hiredis-1.0.0/include/hiredis/sds.h:53:14: warning: ISO C++ forbids flexible array member 'buf' [-Wpedantic]
../windows/hiredis-1.0.0/include/hiredis/sds.h:59:14: warning: ISO C++ forbids flexible array member 'buf' [-Wpedantic]
../windows/hiredis-1.0.0/include/hiredis/sds.h:65:14: warning: ISO C++ forbids flexible array member 'buf' [-Wpedantic]
../windows/hiredis-1.0.0/include/hiredis/sds.h:71:14: warning: ISO C++ forbids flexible array member 'buf' [-Wpedantic]
../windows/hiredis-1.0.0/include/hiredis/sds.h:77:14: warning: ISO C++ forbids flexible array member 'buf' [-Wpedantic]
Flavor: r-oldrel-windows-ix86+x86_64