CRAN Package Check Results for Package RcppParallel

Last updated on 2020-10-19 16:48:41 CEST.

Flavor Version Tinstall Tcheck Ttotal Status Flags
r-devel-linux-x86_64-debian-clang 5.0.2 39.48 76.35 115.83 NOTE
r-devel-linux-x86_64-debian-gcc 5.0.2 31.77 50.69 82.46 NOTE
r-devel-linux-x86_64-fedora-clang 5.0.2 170.29 NOTE
r-devel-linux-x86_64-fedora-gcc 5.0.2 137.86 NOTE
r-devel-windows-ix86+x86_64 5.0.2 257.00 124.00 381.00 NOTE
r-patched-linux-x86_64 5.0.2 43.50 70.02 113.52 NOTE
r-patched-solaris-x86 5.0.2 200.60 NOTE
r-release-linux-x86_64 5.0.2 42.58 70.00 112.58 NOTE
r-release-macos-x86_64 5.0.2 NOTE
r-release-windows-ix86+x86_64 5.0.2 259.00 156.00 415.00 NOTE
r-oldrel-macos-x86_64 5.0.2 NOTE
r-oldrel-windows-ix86+x86_64 5.0.2 179.00 119.00 298.00 NOTE

Additional issues

gcc-ASAN

Check Details

Version: 5.0.2
Check: for GNU extensions in Makefiles
Result: NOTE
    GNU make is a SystemRequirements.
Flavors: r-devel-linux-x86_64-debian-clang, r-devel-linux-x86_64-debian-gcc, r-devel-linux-x86_64-fedora-clang, r-devel-linux-x86_64-fedora-gcc, r-devel-windows-ix86+x86_64, r-patched-linux-x86_64, r-patched-solaris-x86, r-release-linux-x86_64, r-release-macos-x86_64, r-release-windows-ix86+x86_64, r-oldrel-macos-x86_64, r-oldrel-windows-ix86+x86_64

Version: 5.0.2
Check: installed package size
Result: NOTE
     installed size is 5.5Mb
     sub-directories of 1Mb or more:
     include 2.4Mb
     lib 2.8Mb
Flavors: r-devel-linux-x86_64-fedora-clang, r-devel-windows-ix86+x86_64, r-release-windows-ix86+x86_64, r-oldrel-windows-ix86+x86_64