CRAN Package Check Results for Package RcppMLPACK

Last updated on 2021-12-05 23:52:24 CET.

Flavor Version Tinstall Tcheck Ttotal Status Flags
r-devel-linux-x86_64-debian-clang 1.0.10-7 442.81 41.34 484.15 WARN
r-devel-linux-x86_64-debian-gcc 1.0.10-7 314.58 32.77 347.35 WARN
r-devel-linux-x86_64-fedora-clang 1.0.10-7 823.27 WARN
r-devel-linux-x86_64-fedora-gcc 1.0.10-7 673.99 WARN
r-devel-windows-x86_64-new-UL 1.0.10-7 503.00 136.00 639.00 NOTE
r-devel-windows-x86_64-new-TK 1.0.10-7 OK
r-devel-windows-x86_64-old 1.0.10-7 527.00 58.00 585.00 NOTE
r-patched-linux-x86_64 1.0.10-7 389.59 32.70 422.29 WARN
r-release-linux-x86_64 1.0.10-7 374.22 40.71 414.93 WARN
r-release-macos-arm64 1.0.10-7 WARN
r-release-macos-x86_64 1.0.10-7 WARN
r-release-windows-ix86+x86_64 1.0.10-7 1047.00 90.00 1137.00 NOTE
r-oldrel-macos-x86_64 1.0.10-7 WARN
r-oldrel-windows-ix86+x86_64 1.0.10-7 1034.00 88.00 1122.00 NOTE

Check Details

Version: 1.0.10-7
Check: top-level files
Result: WARN
     Output from running autoreconf:
     /usr/share/autoconf/autoconf/trailer.m4:4: warning: AC_OUTPUT was never used
Flavors: r-devel-linux-x86_64-debian-clang, r-devel-linux-x86_64-debian-gcc, r-patched-linux-x86_64, r-release-linux-x86_64

Version: 1.0.10-7
Check: installed package size
Result: NOTE
     installed size is 45.8Mb
     sub-directories of 1Mb or more:
     include 1.9Mb
     lib 33.2Mb
     libs 10.4Mb
Flavors: r-devel-linux-x86_64-fedora-clang, r-devel-windows-x86_64-new-UL, r-devel-windows-x86_64-old, r-release-macos-arm64, r-release-macos-x86_64, r-release-windows-ix86+x86_64, r-oldrel-macos-x86_64, r-oldrel-windows-ix86+x86_64

Version: 1.0.10-7
Check: top-level files
Result: WARN
     Output from running autoreconf:
     /usr/local/share/autoconf/autoconf/trailer.m4:4: warning: AC_OUTPUT was never used
Flavors: r-devel-linux-x86_64-fedora-clang, r-devel-linux-x86_64-fedora-gcc

Version: 1.0.10-7
Check: whether package can be installed
Result: WARN
    Found the following significant warnings:
     WARNING: shared objects/dynamic libraries with hard-coded temporary installation paths
Flavors: r-release-macos-arm64, r-release-macos-x86_64, r-oldrel-macos-x86_64