CRAN Package Check Results for Package RcppHMM

Last updated on 2021-12-04 22:59:44 CET.

Flavor Version Tinstall Tcheck Ttotal Status Flags
r-devel-linux-x86_64-debian-clang 1.2.2 94.51 36.83 131.34 OK
r-devel-linux-x86_64-debian-gcc 1.2.2 68.15 29.07 97.22 OK
r-devel-linux-x86_64-fedora-clang 1.2.2 203.10 OK
r-devel-linux-x86_64-fedora-gcc 1.2.2 169.70 OK
r-devel-windows-x86_64-new-UL 1.2.2 118.00 101.00 219.00 OK
r-devel-windows-x86_64-new-TK 1.2.2 OK
r-devel-windows-x86_64-old 1.2.2 118.00 52.00 170.00 OK
r-patched-linux-x86_64 1.2.2 85.59 27.85 113.44 OK
r-release-linux-x86_64 1.2.2 77.83 27.59 105.42 OK
r-release-macos-arm64 1.2.2 NOTE
r-release-macos-x86_64 1.2.2 NOTE
r-release-windows-ix86+x86_64 1.2.2 233.00 86.00 319.00 OK
r-oldrel-macos-x86_64 1.2.2 NOTE
r-oldrel-windows-ix86+x86_64 1.2.2 229.00 79.00 308.00 OK

Check Details

Version: 1.2.2
Check: installed package size
Result: NOTE
     installed size is 6.3Mb
     sub-directories of 1Mb or more:
     libs 6.1Mb
Flavors: r-release-macos-arm64, r-release-macos-x86_64, r-oldrel-macos-x86_64