Last updated on 2023-03-30 05:49:20 CEST.
Flavor | Version | Tinstall | Tcheck | Ttotal | Status | Flags |
---|---|---|---|---|---|---|
r-devel-linux-x86_64-debian-clang | 0.0.4 | 25.02 | 27.63 | 52.65 | NOTE | |
r-devel-linux-x86_64-debian-gcc | 0.0.4 | 17.90 | 21.36 | 39.26 | NOTE | |
r-devel-linux-x86_64-fedora-clang | 0.0.4 | 73.58 | NOTE | |||
r-devel-linux-x86_64-fedora-gcc | 0.0.4 | 66.44 | NOTE | |||
r-devel-windows-x86_64 | 0.0.4 | 37.00 | 0.00 | 37.00 | NOTE | |
r-patched-linux-x86_64 | 0.0.4 | 18.74 | 26.41 | 45.15 | NOTE | |
r-release-linux-x86_64 | 0.0.4 | 18.92 | 27.89 | 46.81 | OK | |
r-release-macos-arm64 | 0.0.4 | 21.00 | OK | |||
r-release-macos-x86_64 | 0.0.4 | 45.00 | OK | |||
r-release-windows-x86_64 | 0.0.4 | 57.00 | 86.00 | 143.00 | OK | |
r-oldrel-macos-arm64 | 0.0.4 | 22.00 | OK | |||
r-oldrel-macos-x86_64 | 0.0.4 | 36.00 | OK | |||
r-oldrel-windows-ix86+x86_64 | 0.0.4 | 63.00 | 95.00 | 158.00 | OK |
Version: 0.0.4
Check: C++ specification
Result: NOTE
Specified C++11: please drop specification unless essential
Flavors: r-devel-linux-x86_64-debian-clang, r-devel-linux-x86_64-debian-gcc, r-devel-linux-x86_64-fedora-clang, r-devel-linux-x86_64-fedora-gcc, r-devel-windows-x86_64, r-patched-linux-x86_64