CRAN Package Check Results for Package RcppFaddeeva

Last updated on 2019-04-19 02:46:56 CEST.

Flavor Version Tinstall Tcheck Ttotal Status Flags
r-devel-linux-x86_64-debian-clang 0.1.0 15.43 25.75 41.18 NOTE
r-devel-linux-x86_64-debian-gcc 0.1.0 12.37 21.18 33.55 NOTE
r-devel-linux-x86_64-fedora-clang 0.1.0 56.59 NOTE
r-devel-linux-x86_64-fedora-gcc 0.1.0 51.41 NOTE
r-devel-windows-ix86+x86_64 0.1.0 45.00 63.00 108.00 NOTE
r-patched-linux-x86_64 0.1.0 15.10 26.10 41.20 NOTE
r-patched-solaris-x86 0.1.0 69.50 NOTE
r-release-linux-x86_64 0.1.0 12.04 24.60 36.64 NOTE
r-release-windows-ix86+x86_64 0.1.0 31.00 69.00 100.00 NOTE
r-release-osx-x86_64 0.1.0 NOTE
r-oldrel-windows-ix86+x86_64 0.1.0 27.00 90.00 117.00 NOTE
r-oldrel-osx-x86_64 0.1.0 NOTE

Check Details

Version: 0.1.0
Check: R code for possible problems
Result: NOTE
    Gauss: no visible global function definition for 'dnorm'
    Undefined global functions or variables:
     dnorm
    Consider adding
     importFrom("stats", "dnorm")
    to your NAMESPACE file.
Flavors: r-devel-linux-x86_64-debian-clang, r-devel-linux-x86_64-debian-gcc, r-devel-linux-x86_64-fedora-clang, r-devel-linux-x86_64-fedora-gcc, r-devel-windows-ix86+x86_64, r-patched-linux-x86_64, r-patched-solaris-x86, r-release-linux-x86_64, r-release-windows-ix86+x86_64, r-release-osx-x86_64, r-oldrel-windows-ix86+x86_64, r-oldrel-osx-x86_64

Version: 0.1.0
Check: compiled code
Result: NOTE
    File ‘RcppFaddeeva/libs/RcppFaddeeva.so’:
     Found no calls to: ‘R_registerRoutines’, ‘R_useDynamicSymbols’
    
    It is good practice to register native routines and to disable symbol
    search.
    
    See ‘Writing portable packages’ in the ‘Writing R Extensions’ manual.
Flavors: r-devel-linux-x86_64-fedora-clang, r-devel-linux-x86_64-fedora-gcc