CRAN Package Check Results for Package RcppClock

Last updated on 2023-06-09 18:52:08 CEST.

Flavor Version Tinstall Tcheck Ttotal Status Flags
r-devel-linux-x86_64-debian-clang 1.1 20.89 53.10 73.99 NOTE
r-devel-linux-x86_64-debian-gcc 1.1 17.17 43.11 60.28 NOTE
r-devel-linux-x86_64-fedora-clang 1.1 104.03 NOTE
r-devel-linux-x86_64-fedora-gcc 1.1 102.43 NOTE
r-devel-windows-x86_64 1.1 20.00 148.00 168.00 NOTE
r-patched-linux-x86_64 1.1 17.42 53.06 70.48 NOTE
r-release-linux-x86_64 1.1 19.72 52.89 72.61 NOTE
r-release-macos-arm64 1.1 30.00 NOTE
r-release-macos-x86_64 1.1 46.00 NOTE
r-release-windows-x86_64 1.1 26.00 102.00 128.00 NOTE
r-oldrel-macos-arm64 1.1 36.00 OK
r-oldrel-macos-x86_64 1.1 54.00 OK
r-oldrel-windows-x86_64 1.1 25.00 94.00 119.00 OK

Check Details

Version: 1.1
Check: C++ specification
Result: NOTE
     Specified C++11: please drop specification unless essential
Flavors: r-devel-linux-x86_64-debian-clang, r-devel-linux-x86_64-debian-gcc, r-devel-linux-x86_64-fedora-clang, r-devel-linux-x86_64-fedora-gcc, r-devel-windows-x86_64, r-patched-linux-x86_64, r-release-linux-x86_64, r-release-macos-arm64, r-release-macos-x86_64, r-release-windows-x86_64