CRAN Package Check Results for Package RcppClassic

Last updated on 2021-01-24 10:48:52 CET.

Flavor Version Tinstall Tcheck Ttotal Status Flags
r-devel-linux-x86_64-debian-clang 0.9.12 98.17 30.67 128.84 OK
r-devel-linux-x86_64-debian-gcc 0.9.12 53.89 24.65 78.54 OK
r-devel-linux-x86_64-fedora-clang 0.9.12 193.07 NOTE
r-devel-linux-x86_64-fedora-gcc 0.9.12 147.99 OK
r-devel-windows-ix86+x86_64 0.9.12 226.00 182.00 408.00 OK
r-patched-linux-x86_64 0.9.12 67.51 29.64 97.15 OK
r-patched-solaris-x86 0.9.12 195.40 OK
r-release-linux-x86_64 0.9.12 68.06 29.60 97.66 OK
r-release-macos-x86_64 0.9.12 WARN
r-release-windows-ix86+x86_64 0.9.12 167.00 172.00 339.00 OK
r-oldrel-macos-x86_64 0.9.12 WARN
r-oldrel-windows-ix86+x86_64 0.9.12 180.00 159.00 339.00 OK

Check Details

Version: 0.9.12
Check: installed package size
Result: NOTE
     installed size is 7.5Mb
     sub-directories of 1Mb or more:
     lib 5.4Mb
     libs 1.6Mb
Flavor: r-devel-linux-x86_64-fedora-clang

Version: 0.9.12
Check: whether package can be installed
Result: WARN
    Found the following significant warnings:
     WARNING: shared objects/dynamic libraries with hard-coded temporary installation paths
Flavors: r-release-macos-x86_64, r-oldrel-macos-x86_64