CRAN Package Check Results for Package RcppArmadillo

Last updated on 2021-10-28 11:51:38 CEST.

Flavor Version Tinstall Tcheck Ttotal Status Flags
r-devel-linux-x86_64-debian-clang 0.10.7.0.0 39.75 44.32 84.07 OK
r-devel-linux-x86_64-debian-gcc 0.10.7.0.0 34.09 35.16 69.25 OK
r-devel-linux-x86_64-fedora-clang 0.10.7.0.0 138.55 NOTE
r-devel-linux-x86_64-fedora-gcc 0.10.7.0.0 119.24 OK
r-devel-windows-x86_64 0.10.7.0.0 64.00 315.00 379.00 NOTE
r-devel-windows-x86_64-gcc10-UCRT 0.10.7.0.0 OK
r-patched-linux-x86_64 0.10.7.0.0 38.77 43.80 82.57 OK
r-patched-solaris-x86 0.10.7.0.0 274.30 NOTE
r-release-linux-x86_64 0.10.7.0.0 42.16 43.86 86.02 OK
r-release-macos-arm64 0.10.7.0.0 NOTE
r-release-macos-x86_64 0.10.7.0.0 NOTE
r-release-windows-ix86+x86_64 0.10.7.0.0 89.00 485.00 574.00 NOTE
r-oldrel-macos-x86_64 0.10.7.0.0 NOTE
r-oldrel-windows-ix86+x86_64 0.10.7.0.0 92.00 501.00 593.00 NOTE

Check Details

Version: 0.10.7.0.0
Check: installed package size
Result: NOTE
     installed size is 9.0Mb
     sub-directories of 1Mb or more:
     include 6.3Mb
     libs 1.6Mb
Flavors: r-devel-linux-x86_64-fedora-clang, r-devel-windows-x86_64, r-patched-solaris-x86, r-release-macos-arm64, r-release-macos-x86_64, r-release-windows-ix86+x86_64, r-oldrel-macos-x86_64, r-oldrel-windows-ix86+x86_64