CRAN Package Check Results for Package Rcpp

Last updated on 2020-11-27 14:48:27 CET.

Flavor Version Tinstall Tcheck Ttotal Status Flags
r-devel-linux-x86_64-debian-clang 1.0.5 84.56 72.79 157.35 OK
r-devel-linux-x86_64-debian-gcc 1.0.5 83.55 56.74 140.29 OK
r-devel-linux-x86_64-fedora-clang 1.0.5 189.48 NOTE
r-devel-linux-x86_64-fedora-gcc 1.0.5 172.87 NOTE
r-devel-windows-ix86+x86_64 1.0.5 133.00 148.00 281.00 NOTE
r-patched-linux-x86_64 1.0.5 125.90 70.76 196.66 OK
r-patched-solaris-x86 1.0.5 186.30 NOTE
r-release-linux-x86_64 1.0.5 130.02 71.58 201.60 OK
r-release-macos-x86_64 1.0.5 NOTE
r-release-windows-ix86+x86_64 1.0.5 131.00 144.00 275.00 NOTE
r-oldrel-macos-x86_64 1.0.5 NOTE
r-oldrel-windows-ix86+x86_64 1.0.5 125.00 122.00 247.00 NOTE

Check Details

Version: 1.0.5
Check: installed package size
Result: NOTE
     installed size is 14.8Mb
     sub-directories of 1Mb or more:
     doc 1.1Mb
     include 6.4Mb
     libs 5.3Mb
Flavors: r-devel-linux-x86_64-fedora-clang, r-devel-windows-ix86+x86_64, r-patched-solaris-x86, r-release-macos-x86_64, r-release-windows-ix86+x86_64, r-oldrel-macos-x86_64, r-oldrel-windows-ix86+x86_64

Version: 1.0.5
Check: foreign function calls
Result: NOTE
    Registration problem:
     symbol ‘symbol’ in the local frame:
     .Call(symbol)
    See chapter ‘System and foreign language interfaces’ in the ‘Writing R
    Extensions’ manual.
Flavors: r-devel-linux-x86_64-fedora-clang, r-devel-linux-x86_64-fedora-gcc