CRAN Package Check Results for Package RcmdrPlugin.UCA

Last updated on 2022-10-02 09:53:38 CEST.

Flavor Version Tinstall Tcheck Ttotal Status Flags
r-devel-linux-x86_64-debian-clang 5.1-1 20.71 164.95 185.66 NOTE
r-devel-linux-x86_64-debian-gcc 5.1-1 17.16 120.70 137.86 NOTE
r-devel-linux-x86_64-fedora-clang 5.1-1 244.28 NOTE
r-devel-linux-x86_64-fedora-gcc 5.1-1 241.24 NOTE
r-devel-windows-x86_64 5.1-1 63.00 220.00 283.00 NOTE
r-patched-linux-x86_64 5.1-1 24.68 170.85 195.53 NOTE
r-release-linux-x86_64 5.1-1 24.07 169.44 193.51 NOTE
r-release-macos-arm64 5.1-1 81.00 NOTE
r-release-macos-x86_64 5.1-1 199.00 NOTE
r-release-windows-x86_64 5.1-1 72.00 201.00 273.00 NOTE
r-oldrel-macos-arm64 5.1-1 72.00 NOTE
r-oldrel-macos-x86_64 5.1-1 117.00 NOTE
r-oldrel-windows-ix86+x86_64 5.1-1 46.00 183.00 229.00 NOTE

Check Details

Version: 5.1-1
Check: package dependencies
Result: NOTE
    Depends: includes the non-default packages:
     'IQCC', 'qcc', 'qicharts2', 'randtests', 'rmarkdown',
     'TeachingDemos', 'tseries'
    Adding so many packages to the search path is excessive and importing
    selectively is preferable.
Flavors: r-devel-linux-x86_64-debian-clang, r-devel-linux-x86_64-debian-gcc, r-devel-linux-x86_64-fedora-clang, r-devel-linux-x86_64-fedora-gcc, r-devel-windows-x86_64, r-patched-linux-x86_64, r-release-linux-x86_64, r-release-macos-arm64, r-release-macos-x86_64, r-release-windows-x86_64, r-oldrel-macos-arm64, r-oldrel-macos-x86_64, r-oldrel-windows-ix86+x86_64