Last updated on 2023-01-29 22:11:37 CET.
Flavor | Version | Tinstall | Tcheck | Ttotal | Status | Flags |
---|---|---|---|---|---|---|
r-devel-linux-x86_64-debian-clang | 5.1-1 | 19.34 | 168.86 | 188.20 | NOTE | |
r-devel-linux-x86_64-debian-gcc | 5.1-1 | 16.89 | 124.96 | 141.85 | NOTE | |
r-devel-linux-x86_64-fedora-clang | 5.1-1 | 241.57 | NOTE | |||
r-devel-linux-x86_64-fedora-gcc | 5.1-1 | 258.71 | NOTE | |||
r-devel-windows-x86_64 | 5.1-1 | 57.00 | 277.00 | 334.00 | NOTE | |
r-patched-linux-x86_64 | 5.1-1 | 23.57 | 182.89 | 206.46 | NOTE | |
r-release-linux-x86_64 | 5.1-1 | 25.09 | 177.79 | 202.88 | NOTE | |
r-release-macos-arm64 | 5.1-1 | 81.00 | NOTE | |||
r-release-macos-x86_64 | 5.1-1 | 199.00 | NOTE | |||
r-release-windows-x86_64 | 5.1-1 | 58.00 | 196.00 | 254.00 | NOTE | |
r-oldrel-macos-arm64 | 5.1-1 | 72.00 | NOTE | |||
r-oldrel-macos-x86_64 | 5.1-1 | 117.00 | NOTE | |||
r-oldrel-windows-ix86+x86_64 | 5.1-1 | 45.00 | 194.00 | 239.00 | NOTE |
Version: 5.1-1
Check: package dependencies
Result: NOTE
Depends: includes the non-default packages:
'IQCC', 'qcc', 'qicharts2', 'randtests', 'rmarkdown',
'TeachingDemos', 'tseries'
Adding so many packages to the search path is excessive and importing
selectively is preferable.
Flavors: r-devel-linux-x86_64-debian-clang, r-devel-linux-x86_64-debian-gcc, r-devel-linux-x86_64-fedora-clang, r-devel-linux-x86_64-fedora-gcc, r-devel-windows-x86_64, r-patched-linux-x86_64, r-release-linux-x86_64, r-release-macos-arm64, r-release-macos-x86_64, r-release-windows-x86_64, r-oldrel-macos-arm64, r-oldrel-macos-x86_64, r-oldrel-windows-ix86+x86_64