CRAN Package Check Results for Package RcmdrPlugin.RiskDemo

Last updated on 2019-06-18 22:02:01 CEST.

Flavor Version Tinstall Tcheck Ttotal Status Flags
r-devel-linux-x86_64-debian-clang 2.0 18.67 138.14 156.81 OK
r-devel-linux-x86_64-debian-gcc 2.0 15.98 109.81 125.79 OK
r-devel-linux-x86_64-fedora-clang 2.0 174.97 OK
r-devel-linux-x86_64-fedora-gcc 2.0 182.70 OK
r-devel-windows-ix86+x86_64 2.0 71.00 328.00 399.00 OK
r-patched-linux-x86_64 2.0 19.39 135.31 154.70 OK
r-patched-solaris-x86 2.0 322.40 NOTE
r-release-linux-x86_64 2.0 18.75 136.51 155.26 OK
r-release-windows-ix86+x86_64 2.0 92.00 334.00 426.00 OK
r-release-osx-x86_64 2.0 WARN
r-oldrel-windows-ix86+x86_64 2.0 54.00 289.00 343.00 OK
r-oldrel-osx-x86_64 2.0 OK

Check Details

Version: 2.0
Check: installed package size
Result: NOTE
     installed size is 5.4Mb
     sub-directories of 1Mb or more:
     data 5.1Mb
Flavor: r-patched-solaris-x86

Version: 2.0
Check: whether package can be installed
Result: WARN
    Found the following significant warnings:
     Warning: 'rgl_init' failed, running with rgl.useNULL = TRUE
Flavor: r-release-osx-x86_64