CRAN Package Check Results for Package RcmdrPlugin.RiskDemo

Last updated on 2019-09-22 21:47:45 CEST.

Flavor Version Tinstall Tcheck Ttotal Status Flags
r-devel-linux-x86_64-debian-clang 2.0 18.95 136.63 155.58 OK
r-devel-linux-x86_64-debian-gcc 2.0 17.09 107.22 124.31 OK
r-devel-linux-x86_64-fedora-clang 2.0 192.77 OK
r-devel-linux-x86_64-fedora-gcc 2.0 191.27 OK
r-devel-windows-ix86+x86_64 2.0 91.00 290.00 381.00 OK
r-patched-linux-x86_64 2.0 19.39 134.51 153.90 OK
r-patched-solaris-x86 2.0 322.40 NOTE
r-release-linux-x86_64 2.0 19.36 134.18 153.54 OK
r-release-windows-ix86+x86_64 2.0 102.00 313.00 415.00 OK
r-release-osx-x86_64 2.0 WARN
r-oldrel-windows-ix86+x86_64 2.0 51.00 190.00 241.00 OK
r-oldrel-osx-x86_64 2.0 OK

Check Details

Version: 2.0
Check: installed package size
Result: NOTE
     installed size is 5.4Mb
     sub-directories of 1Mb or more:
     data 5.1Mb
Flavor: r-patched-solaris-x86

Version: 2.0
Check: whether package can be installed
Result: WARN
    Found the following significant warnings:
     Warning: 'rgl_init' failed, running with rgl.useNULL = TRUE
Flavor: r-release-osx-x86_64