CRAN Package Check Results for Package RcmdrPlugin.ROC

Last updated on 2020-07-10 00:48:07 CEST.

Flavor Version Tinstall Tcheck Ttotal Status Flags
r-devel-linux-x86_64-debian-clang 1.0-18 19.00 129.72 148.72 NOTE
r-devel-linux-x86_64-debian-gcc 1.0-18 16.81 98.95 115.76 NOTE
r-devel-linux-x86_64-fedora-clang 1.0-18 191.42 NOTE
r-devel-linux-x86_64-fedora-gcc 1.0-18 181.24 NOTE
r-devel-windows-ix86+x86_64 1.0-18 47.00 253.00 300.00 NOTE
r-patched-linux-x86_64 1.0-18 14.88 127.69 142.57 NOTE
r-patched-solaris-x86 1.0-18 278.80 NOTE
r-release-linux-x86_64 1.0-18 18.76 128.61 147.37 NOTE
r-release-osx-x86_64 1.0-18 NOTE
r-release-windows-ix86+x86_64 1.0-18 43.00 136.00 179.00 NOTE
r-oldrel-osx-x86_64 1.0-18 NOTE
r-oldrel-windows-ix86+x86_64 1.0-18 42.00 129.00 171.00 NOTE

Check Details

Version: 1.0-18
Check: R code for possible problems
Result: NOTE
    fncLRpROC: no visible global function definition for 'palette'
    fncLRpROC : onOK : convert: no visible global function definition for
     'col2rgb'
    fncLRpROC : onOK : convert: no visible global function definition for
     'rgb'
    fncPairedpROC: no visible global function definition for 'palette'
    fncPairedpROC : onOK : convert: no visible global function definition
     for 'col2rgb'
    fncPairedpROC : onOK : convert: no visible global function definition
     for 'rgb'
    fncUnpairedpROC: no visible global function definition for 'palette'
    fncUnpairedpROC : onOK : convert: no visible global function definition
     for 'col2rgb'
    fncUnpairedpROC : onOK : convert: no visible global function definition
     for 'rgb'
    fncvpROC: no visible global function definition for 'palette'
    fncvpROC : onOK : convert: no visible global function definition for
     'col2rgb'
    fncvpROC : onOK : convert: no visible global function definition for
     'rgb'
    Undefined global functions or variables:
     col2rgb palette rgb
    Consider adding
     importFrom("grDevices", "col2rgb", "palette", "rgb")
    to your NAMESPACE file.
Flavors: r-devel-linux-x86_64-debian-clang, r-devel-linux-x86_64-debian-gcc, r-devel-linux-x86_64-fedora-clang, r-devel-linux-x86_64-fedora-gcc, r-devel-windows-ix86+x86_64, r-patched-linux-x86_64, r-patched-solaris-x86, r-release-linux-x86_64, r-release-osx-x86_64, r-release-windows-ix86+x86_64, r-oldrel-osx-x86_64, r-oldrel-windows-ix86+x86_64