Last updated on 2019-12-14 03:49:08 CET.
Flavor | Version | Tinstall | Tcheck | Ttotal | Status | Flags |
---|---|---|---|---|---|---|
r-devel-linux-x86_64-debian-clang | 1.0-18 | 19.07 | 127.17 | 146.24 | NOTE | |
r-devel-linux-x86_64-debian-gcc | 1.0-18 | 15.95 | 97.54 | 113.49 | NOTE | |
r-devel-linux-x86_64-fedora-clang | 1.0-18 | 177.91 | NOTE | |||
r-devel-linux-x86_64-fedora-gcc | 1.0-18 | 181.79 | NOTE | |||
r-devel-windows-ix86+x86_64 | 1.0-18 | 48.00 | 161.00 | 209.00 | NOTE | |
r-devel-windows-ix86+x86_64-gcc8 | 1.0-18 | 76.00 | 267.00 | 343.00 | NOTE | |
r-patched-linux-x86_64 | 1.0-18 | 16.83 | 112.40 | 129.23 | NOTE | |
r-patched-solaris-x86 | 1.0-18 | 272.10 | NOTE | |||
r-release-linux-x86_64 | 1.0-18 | 16.92 | 113.02 | 129.94 | NOTE | |
r-release-windows-ix86+x86_64 | 1.0-18 | 41.00 | 144.00 | 185.00 | NOTE | |
r-release-osx-x86_64 | 1.0-18 | NOTE | ||||
r-oldrel-windows-ix86+x86_64 | 1.0-18 | 48.00 | 157.00 | 205.00 | NOTE | |
r-oldrel-osx-x86_64 | 1.0-18 | NOTE |
Version: 1.0-18
Check: R code for possible problems
Result: NOTE
fncLRpROC: no visible global function definition for 'palette'
fncLRpROC : onOK : convert: no visible global function definition for
'col2rgb'
fncLRpROC : onOK : convert: no visible global function definition for
'rgb'
fncPairedpROC: no visible global function definition for 'palette'
fncPairedpROC : onOK : convert: no visible global function definition
for 'col2rgb'
fncPairedpROC : onOK : convert: no visible global function definition
for 'rgb'
fncUnpairedpROC: no visible global function definition for 'palette'
fncUnpairedpROC : onOK : convert: no visible global function definition
for 'col2rgb'
fncUnpairedpROC : onOK : convert: no visible global function definition
for 'rgb'
fncvpROC: no visible global function definition for 'palette'
fncvpROC : onOK : convert: no visible global function definition for
'col2rgb'
fncvpROC : onOK : convert: no visible global function definition for
'rgb'
Undefined global functions or variables:
col2rgb palette rgb
Consider adding
importFrom("grDevices", "col2rgb", "palette", "rgb")
to your NAMESPACE file.
Flavors: r-devel-linux-x86_64-debian-clang, r-devel-linux-x86_64-debian-gcc, r-devel-linux-x86_64-fedora-clang, r-devel-linux-x86_64-fedora-gcc, r-devel-windows-ix86+x86_64, r-devel-windows-ix86+x86_64-gcc8, r-patched-linux-x86_64, r-patched-solaris-x86, r-release-linux-x86_64, r-release-windows-ix86+x86_64, r-release-osx-x86_64, r-oldrel-windows-ix86+x86_64, r-oldrel-osx-x86_64