Last updated on 2023-01-30 20:55:55 CET.
Flavor | Version | Tinstall | Tcheck | Ttotal | Status | Flags |
---|---|---|---|---|---|---|
r-devel-linux-x86_64-debian-clang | 0.0-2 | 21.97 | 155.93 | 177.90 | NOTE | |
r-devel-linux-x86_64-debian-gcc | 0.0-2 | 17.30 | 112.87 | 130.17 | NOTE | |
r-devel-linux-x86_64-fedora-clang | 0.0-2 | 219.60 | NOTE | |||
r-devel-linux-x86_64-fedora-gcc | 0.0-2 | 215.97 | NOTE | |||
r-devel-windows-x86_64 | 0.0-2 | 68.00 | 253.00 | 321.00 | NOTE | |
r-patched-linux-x86_64 | 0.0-2 | 26.37 | 162.05 | 188.42 | OK | |
r-release-linux-x86_64 | 0.0-2 | 27.02 | 170.41 | 197.43 | OK | |
r-release-macos-arm64 | 0.0-2 | 84.00 | OK | |||
r-release-macos-x86_64 | 0.0-2 | 193.00 | OK | |||
r-release-windows-x86_64 | 0.0-2 | 83.00 | 197.00 | 280.00 | OK | |
r-oldrel-macos-arm64 | 0.0-2 | 86.00 | OK | |||
r-oldrel-macos-x86_64 | 0.0-2 | 151.00 | OK | |||
r-oldrel-windows-ix86+x86_64 | 0.0-2 | 46.00 | 176.00 | 222.00 | OK |
Version: 0.0-2
Check: Rd files
Result: NOTE
checkRd: (-1) RcmdrPlugin.MA-package.Rd:21: Escaped LaTeX specials: \&
checkRd: (-1) RcmdrPlugin.MA-package.Rd:23: Escaped LaTeX specials: \&
Flavors: r-devel-linux-x86_64-debian-clang, r-devel-linux-x86_64-debian-gcc, r-devel-linux-x86_64-fedora-clang, r-devel-linux-x86_64-fedora-gcc, r-devel-windows-x86_64