CRAN Package Check Results for Package RcmdrPlugin.FuzzyClust

Last updated on 2019-09-16 06:49:27 CEST.

Flavor Version Tinstall Tcheck Ttotal Status Flags
r-devel-linux-x86_64-debian-clang 1.1 14.93 132.58 147.51 NOTE
r-devel-linux-x86_64-debian-gcc 1.1 12.60 101.65 114.25 NOTE
r-devel-linux-x86_64-fedora-clang 1.1 181.66 NOTE
r-devel-linux-x86_64-fedora-gcc 1.1 179.05 NOTE
r-devel-windows-ix86+x86_64 1.1 53.00 243.00 296.00 NOTE
r-patched-linux-x86_64 1.1 14.65 131.44 146.09 NOTE
r-patched-solaris-x86 1.1 311.20 NOTE
r-release-linux-x86_64 1.1 14.79 131.10 145.89 NOTE
r-release-windows-ix86+x86_64 1.1 34.00 159.00 193.00 NOTE
r-release-osx-x86_64 1.1 FAIL
r-oldrel-windows-ix86+x86_64 1.1 51.00 149.00 200.00 NOTE
r-oldrel-osx-x86_64 1.1 OK

Check Details

Version: 1.1
Check: R code for possible problems
Result: NOTE
    managedata: no visible binding for global variable 'data'
    Undefined global functions or variables:
     data
    Consider adding
     importFrom("utils", "data")
    to your NAMESPACE file.
Flavors: r-devel-linux-x86_64-debian-clang, r-devel-linux-x86_64-debian-gcc, r-devel-linux-x86_64-fedora-clang, r-devel-linux-x86_64-fedora-gcc, r-devel-windows-ix86+x86_64, r-patched-linux-x86_64, r-patched-solaris-x86, r-release-linux-x86_64, r-release-windows-ix86+x86_64, r-oldrel-windows-ix86+x86_64

Version: 1.1
Check: whether package can be installed
Result: FAIL
    
Flavor: r-release-osx-x86_64