CRAN Package Check Results for Package RcmdrPlugin.FuzzyClust

Last updated on 2020-01-19 21:48:54 CET.

Flavor Version Tinstall Tcheck Ttotal Status Flags
r-devel-linux-x86_64-debian-clang 1.1 17.14 147.15 164.29 NOTE
r-devel-linux-x86_64-debian-gcc 1.1 14.50 111.50 126.00 NOTE
r-devel-linux-x86_64-fedora-clang 1.1 203.55 NOTE
r-devel-linux-x86_64-fedora-gcc 1.1 214.04 NOTE
r-devel-windows-ix86+x86_64 1.1 76.00 250.00 326.00 NOTE
r-devel-windows-ix86+x86_64-gcc8 1.1 43.00 238.00 281.00 NOTE
r-patched-linux-x86_64 1.1 14.10 130.23 144.33 NOTE
r-patched-solaris-x86 1.1 319.00 NOTE
r-release-linux-x86_64 1.1 14.21 128.08 142.29 NOTE
r-release-windows-ix86+x86_64 1.1 55.00 177.00 232.00 NOTE
r-release-osx-x86_64 1.1 FAIL
r-oldrel-windows-ix86+x86_64 1.1 33.00 158.00 191.00 NOTE
r-oldrel-osx-x86_64 1.1 OK

Check Details

Version: 1.1
Check: R code for possible problems
Result: NOTE
    managedata: no visible binding for global variable 'data'
    Undefined global functions or variables:
     data
    Consider adding
     importFrom("utils", "data")
    to your NAMESPACE file.
Flavors: r-devel-linux-x86_64-debian-clang, r-devel-linux-x86_64-debian-gcc, r-devel-linux-x86_64-fedora-clang, r-devel-linux-x86_64-fedora-gcc, r-devel-windows-ix86+x86_64, r-devel-windows-ix86+x86_64-gcc8, r-patched-linux-x86_64, r-patched-solaris-x86, r-release-linux-x86_64, r-release-windows-ix86+x86_64, r-oldrel-windows-ix86+x86_64

Version: 1.1
Check: whether package can be installed
Result: FAIL
Flavor: r-release-osx-x86_64