Last updated on 2023-05-28 06:51:48 CEST.
Flavor | Version | Tinstall | Tcheck | Ttotal | Status | Flags |
---|---|---|---|---|---|---|
r-devel-linux-x86_64-debian-clang | 0.12-4 | 36.60 | 232.63 | 269.23 | NOTE | |
r-devel-linux-x86_64-debian-gcc | 0.12-4 | 28.53 | 174.02 | 202.55 | NOTE | |
r-devel-linux-x86_64-fedora-clang | 0.12-4 | 359.34 | NOTE | |||
r-devel-linux-x86_64-fedora-gcc | 0.12-4 | 351.26 | NOTE | |||
r-devel-windows-x86_64 | 0.12-4 | 49.00 | 331.00 | 380.00 | NOTE | |
r-patched-linux-x86_64 | 0.12-4 | 43.00 | 214.96 | 257.96 | NOTE | |
r-release-linux-x86_64 | 0.12-4 | 29.39 | 218.27 | 247.66 | NOTE | |
r-release-macos-arm64 | 0.12-4 | 90.00 | NOTE | |||
r-release-macos-x86_64 | 0.12-4 | 150.00 | NOTE | |||
r-release-windows-x86_64 | 0.12-4 | 42.00 | 221.00 | 263.00 | NOTE | |
r-oldrel-macos-arm64 | 0.12-4 | 125.00 | OK | |||
r-oldrel-macos-x86_64 | 0.12-4 | 226.00 | OK | |||
r-oldrel-windows-x86_64 | 0.12-4 | 40.00 | 206.00 | 246.00 | OK |
Version: 0.12-4
Check: Rd \usage sections
Result: NOTE
S3 methods shown with full name in documentation object ‘editDataset.design’:
‘editDataset.design’
The \usage entries for S3 methods should use the \method markup and not
their full name.
See chapter ‘Writing R documentation files’ in the ‘Writing R
Extensions’ manual.
Flavors: r-devel-linux-x86_64-debian-clang, r-devel-linux-x86_64-debian-gcc, r-devel-linux-x86_64-fedora-clang, r-devel-linux-x86_64-fedora-gcc, r-devel-windows-x86_64, r-patched-linux-x86_64, r-release-linux-x86_64, r-release-macos-arm64, r-release-macos-x86_64, r-release-windows-x86_64
Version: 0.12-4
Check: Rd cross-references
Result: NOTE
Undeclared packages ‘BsMD’, ‘rsm’, ‘AlgDesign’, ‘lhs’ in Rd xrefs
Flavor: r-devel-linux-x86_64-fedora-clang