CRAN Package Check Results for Package Rcereal

Last updated on 2019-11-18 23:51:32 CET.

Flavor Version Tinstall Tcheck Ttotal Status Flags
r-devel-linux-x86_64-debian-clang 1.2.1 1.75 20.74 22.49 NOTE
r-devel-linux-x86_64-debian-gcc 1.2.1 1.56 16.68 18.24 NOTE
r-devel-linux-x86_64-fedora-clang 1.2.1 26.75 NOTE
r-devel-linux-x86_64-fedora-gcc 1.2.1 27.44 NOTE
r-devel-windows-ix86+x86_64 1.2.1 8.00 53.00 61.00 NOTE
r-patched-linux-x86_64 1.2.1 1.52 19.54 21.06 NOTE
r-patched-solaris-x86 1.2.1 41.00 NOTE
r-release-linux-x86_64 1.2.1 1.39 19.29 20.68 NOTE
r-release-windows-ix86+x86_64 1.2.1 6.00 51.00 57.00 NOTE
r-release-osx-x86_64 1.2.1 NOTE
r-oldrel-windows-ix86+x86_64 1.2.1 5.00 33.00 38.00 OK
r-oldrel-osx-x86_64 1.2.1 OK

Check Details

Version: 1.2.1
Check: line endings in C/C++/Fortran sources/headers
Result: NOTE
    Found the following sources/headers not terminated with a newline:
     inst/include/cereal/types/memory.hpp
    Some compilers warn on such files.
Flavors: r-devel-linux-x86_64-debian-clang, r-devel-linux-x86_64-debian-gcc, r-devel-linux-x86_64-fedora-clang, r-devel-linux-x86_64-fedora-gcc, r-devel-windows-ix86+x86_64, r-patched-linux-x86_64, r-patched-solaris-x86, r-release-linux-x86_64, r-release-windows-ix86+x86_64, r-release-osx-x86_64