CRAN Package Check Results for Package Rcereal

Last updated on 2020-06-04 15:49:20 CEST.

Flavor Version Tinstall Tcheck Ttotal Status Flags
r-devel-linux-x86_64-debian-clang 1.2.1 2.08 21.57 23.65 NOTE
r-devel-linux-x86_64-debian-gcc 1.2.1 1.64 17.19 18.83 NOTE
r-devel-linux-x86_64-fedora-clang 1.2.1 36.98 NOTE
r-devel-linux-x86_64-fedora-gcc 1.2.1 28.46 NOTE
r-devel-windows-ix86+x86_64 1.2.1 9.00 32.00 41.00 NOTE
r-patched-linux-x86_64 1.2.1 1.97 21.50 23.47 NOTE
r-patched-solaris-x86 1.2.1 46.50 NOTE
r-release-linux-x86_64 1.2.1 2.17 21.60 23.77 NOTE
r-release-osx-x86_64 1.2.1 NOTE
r-release-windows-ix86+x86_64 1.2.1 6.00 38.00 44.00 NOTE
r-oldrel-osx-x86_64 1.2.1 NOTE
r-oldrel-windows-ix86+x86_64 1.2.1 6.00 50.00 56.00 NOTE

Check Details

Version: 1.2.1
Check: line endings in C/C++/Fortran sources/headers
Result: NOTE
    Found the following sources/headers not terminated with a newline:
     inst/include/cereal/types/memory.hpp
    Some compilers warn on such files.
Flavors: r-devel-linux-x86_64-debian-clang, r-devel-linux-x86_64-debian-gcc, r-devel-linux-x86_64-fedora-clang, r-devel-linux-x86_64-fedora-gcc, r-devel-windows-ix86+x86_64, r-patched-linux-x86_64, r-patched-solaris-x86, r-release-linux-x86_64, r-release-osx-x86_64, r-release-windows-ix86+x86_64, r-oldrel-osx-x86_64, r-oldrel-windows-ix86+x86_64