CRAN Package Check Results for Package Rblpapi

Last updated on 2020-12-03 21:47:50 CET.

Flavor Version Tinstall Tcheck Ttotal Status Flags
r-devel-linux-x86_64-debian-clang 0.3.10 160.04 31.37 191.41 NOTE
r-devel-linux-x86_64-debian-gcc 0.3.10 96.18 26.99 123.17 NOTE
r-devel-linux-x86_64-fedora-clang 0.3.10 280.75 NOTE
r-devel-linux-x86_64-fedora-gcc 0.3.10 248.75 NOTE
r-devel-windows-ix86+x86_64 0.3.10 359.00 137.00 496.00 NOTE
r-patched-linux-x86_64 0.3.10 114.90 31.40 146.30 NOTE
r-release-linux-x86_64 0.3.10 115.05 31.83 146.88 NOTE
r-release-macos-x86_64 0.3.10 NOTE
r-release-windows-ix86+x86_64 0.3.10 280.00 166.00 446.00 NOTE
r-oldrel-macos-x86_64 0.3.10 NOTE
r-oldrel-windows-ix86+x86_64 0.3.10 276.00 184.00 460.00 NOTE

Check Details

Version: 0.3.10
Check: whether package can be installed
Result: NOTE
    Found the following notes/warnings:
     Non-staged installation was used
Flavors: r-devel-linux-x86_64-debian-clang, r-devel-linux-x86_64-debian-gcc, r-devel-linux-x86_64-fedora-clang, r-devel-linux-x86_64-fedora-gcc, r-devel-windows-ix86+x86_64, r-patched-linux-x86_64, r-release-linux-x86_64, r-release-macos-x86_64, r-release-windows-ix86+x86_64, r-oldrel-macos-x86_64, r-oldrel-windows-ix86+x86_64

Version: 0.3.10
Check: installed package size
Result: NOTE
     installed size is 16.3Mb
     sub-directories of 1Mb or more:
     blp 7.1Mb
     libs 8.2Mb
Flavors: r-devel-linux-x86_64-fedora-clang, r-devel-windows-ix86+x86_64, r-release-macos-x86_64, r-release-windows-ix86+x86_64, r-oldrel-macos-x86_64, r-oldrel-windows-ix86+x86_64

Version: 0.3.10
Check: top-level files
Result: NOTE
    ‘configure’: /bin/bash is not portable
Flavors: r-devel-linux-x86_64-fedora-clang, r-devel-linux-x86_64-fedora-gcc