CRAN Package Check Results for Package Rbgs

Last updated on 2020-07-11 09:49:03 CEST.

Flavor Version Tinstall Tcheck Ttotal Status Flags
r-devel-linux-x86_64-debian-clang 0.2 3.74 35.24 38.98 OK
r-devel-linux-x86_64-debian-gcc 0.2 3.22 27.19 30.41 OK
r-devel-linux-x86_64-fedora-clang 0.2 59.91 OK
r-devel-linux-x86_64-fedora-gcc 0.2 48.38 OK
r-devel-windows-ix86+x86_64 0.2 9.00 51.00 60.00 OK
r-patched-linux-x86_64 0.2 3.82 35.07 38.89 OK
r-patched-solaris-x86 0.2 70.00 OK
r-release-linux-x86_64 0.2 4.23 35.00 39.23 OK
r-release-osx-x86_64 0.2 OK
r-release-windows-ix86+x86_64 0.2 8.00 52.00 60.00 OK
r-oldrel-osx-x86_64 0.2 FAIL
r-oldrel-windows-ix86+x86_64 0.2 11.00 44.00 55.00 OK

Check Details

Version: 0.2
Check: dependencies in R code
Result: FAIL
Flavor: r-oldrel-osx-x86_64