Last updated on 2023-03-29 09:50:58 CEST.
Flavor | Version | Tinstall | Tcheck | Ttotal | Status | Flags |
---|---|---|---|---|---|---|
r-devel-linux-x86_64-debian-clang | 1.1.2 | 358.61 | 180.81 | 539.42 | OK | |
r-devel-linux-x86_64-debian-gcc | 1.1.2 | 281.69 | 137.60 | 419.29 | OK | |
r-devel-linux-x86_64-fedora-clang | 1.1.3 | 799.59 | NOTE | |||
r-devel-linux-x86_64-fedora-gcc | 1.1.3 | 730.19 | OK | |||
r-devel-windows-x86_64 | 1.1.2 | 329.00 | 265.00 | 594.00 | NOTE | |
r-patched-linux-x86_64 | 1.1.2 | 296.95 | 177.36 | 474.31 | OK | |
r-release-linux-x86_64 | 1.1.2 | 216.54 | 177.21 | 393.75 | OK | |
r-release-macos-arm64 | 1.1.2 | 163.00 | NOTE | |||
r-release-macos-x86_64 | 1.1.2 | 236.00 | NOTE | |||
r-oldrel-macos-arm64 | 1.1.2 | 170.00 | NOTE | |||
r-oldrel-macos-x86_64 | 1.1.2 | 241.00 | NOTE | |||
r-oldrel-windows-ix86+x86_64 | 1.1.2 | 788.00 | 291.00 | 1079.00 | NOTE |
Version: 1.1.3
Check: installed package size
Result: NOTE
installed size is 5.6Mb
sub-directories of 1Mb or more:
data 3.9Mb
Flavor: r-devel-linux-x86_64-fedora-clang
Version: 1.1.2
Check: installed package size
Result: NOTE
installed size is 6.5Mb
sub-directories of 1Mb or more:
data 3.9Mb
libs 1.5Mb
Flavors: r-devel-windows-x86_64, r-release-macos-arm64, r-release-macos-x86_64, r-oldrel-macos-arm64, r-oldrel-macos-x86_64, r-oldrel-windows-ix86+x86_64
Version: 1.1.2
Check: R code for possible problems
Result: NOTE
Initiating curl with CURL_SSL_BACKEND: openssl
Flavor: r-oldrel-windows-ix86+x86_64