Last updated on 2023-06-07 21:01:29 CEST.
Flavor | Version | Tinstall | Tcheck | Ttotal | Status | Flags |
---|---|---|---|---|---|---|
r-devel-linux-x86_64-debian-clang | 0.98.0 | 69.26 | 69.43 | 138.69 | OK | |
r-devel-linux-x86_64-debian-gcc | 0.98.0 | 58.17 | 56.88 | 115.05 | OK | |
r-devel-linux-x86_64-fedora-clang | 0.98.0 | 199.77 | OK | |||
r-devel-linux-x86_64-fedora-gcc | 0.98.0 | 211.58 | OK | |||
r-devel-windows-x86_64 | 0.98.0 | 60.00 | 134.00 | 194.00 | OK | |
r-patched-linux-x86_64 | 0.98.0 | 57.08 | 69.54 | 126.62 | OK | |
r-release-linux-x86_64 | 0.98.0 | 53.63 | 69.23 | 122.86 | OK | |
r-release-macos-arm64 | 0.98.0 | 77.00 | NOTE | |||
r-release-macos-x86_64 | 0.98.0 | 173.00 | NOTE | |||
r-release-windows-x86_64 | 0.98.0 | 73.00 | 148.00 | 221.00 | OK | |
r-oldrel-macos-arm64 | 0.98.0 | 69.00 | NOTE | |||
r-oldrel-macos-x86_64 | 0.98.0 | 82.00 | NOTE | |||
r-oldrel-windows-x86_64 | 0.98.0 | 65.00 | 137.00 | 202.00 | OK |
Version: 0.98.0
Check: installed package size
Result: NOTE
installed size is 5.4Mb
sub-directories of 1Mb or more:
libs 4.8Mb
Flavors: r-release-macos-arm64, r-release-macos-x86_64, r-oldrel-macos-arm64, r-oldrel-macos-x86_64