CRAN Package Check Results for Package RankAggSIgFUR

Last updated on 2024-06-14 07:53:08 CEST.

Flavor Version Tinstall Tcheck Ttotal Status Flags
r-devel-linux-x86_64-debian-clang 1.0.0 2.34 41.28 43.62 OK
r-devel-linux-x86_64-debian-gcc 1.0.0 2.48 30.45 32.93 OK
r-devel-linux-x86_64-fedora-clang 1.0.0 54.67 NOTE
r-devel-linux-x86_64-fedora-gcc 1.0.0 51.94 NOTE
r-devel-windows-x86_64 1.0.0 3.00 52.00 55.00 OK
r-patched-linux-x86_64 1.0.0 3.48 39.13 42.61 OK
r-release-linux-x86_64 1.0.0 2.98 38.60 41.58 OK
r-release-macos-arm64 1.0.0 20.00 OK
r-release-macos-x86_64 1.0.0 29.00 OK
r-release-windows-x86_64 1.0.0 4.00 54.00 58.00 OK
r-oldrel-macos-arm64 1.0.0 20.00 OK
r-oldrel-macos-x86_64 1.0.0 43.00 OK
r-oldrel-windows-x86_64 1.0.0 5.00 56.00 61.00 OK

Check Details

Version: 1.0.0
Check: data for non-ASCII characters
Result: NOTE Note: found 15 marked UTF-8 strings Flavors: r-devel-linux-x86_64-fedora-clang, r-devel-linux-x86_64-fedora-gcc