Last updated on 2022-05-28 05:53:16 CEST.
Flavor | Version | Tinstall | Tcheck | Ttotal | Status | Flags |
---|---|---|---|---|---|---|
r-devel-linux-x86_64-debian-clang | 0.0.2 | 10.32 | 115.57 | 125.89 | NOTE | |
r-devel-linux-x86_64-debian-gcc | 0.0.2 | 8.13 | 89.10 | 97.23 | NOTE | |
r-devel-linux-x86_64-fedora-clang | 0.0.2 | 153.19 | NOTE | |||
r-devel-linux-x86_64-fedora-gcc | 0.0.2 | 149.38 | NOTE | |||
r-devel-windows-x86_64 | 0.0.2 | 80.00 | 146.00 | 226.00 | NOTE | |
r-patched-linux-x86_64 | 0.0.2 | 11.24 | 110.51 | 121.75 | NOTE | |
r-release-linux-x86_64 | 0.0.2 | 9.23 | 111.41 | 120.64 | NOTE | |
r-release-macos-arm64 | 0.0.2 | 47.00 | NOTE | |||
r-release-macos-x86_64 | 0.0.2 | 69.00 | NOTE | |||
r-release-windows-x86_64 | 0.0.2 | 60.00 | 148.00 | 208.00 | NOTE | |
r-oldrel-macos-arm64 | 0.0.2 | 57.00 | NOTE | |||
r-oldrel-macos-x86_64 | 0.0.2 | 80.00 | NOTE | |||
r-oldrel-windows-ix86+x86_64 | 0.0.2 | 24.00 | 138.00 | 162.00 | NOTE |
Version: 0.0.2
Check: LazyData
Result: NOTE
'LazyData' is specified without a 'data' directory
Flavors: r-devel-linux-x86_64-debian-clang, r-devel-linux-x86_64-debian-gcc, r-devel-linux-x86_64-fedora-clang, r-devel-linux-x86_64-fedora-gcc, r-devel-windows-x86_64, r-patched-linux-x86_64, r-release-linux-x86_64, r-release-macos-arm64, r-release-macos-x86_64, r-release-windows-x86_64, r-oldrel-macos-arm64, r-oldrel-macos-x86_64, r-oldrel-windows-ix86+x86_64