CRAN Package Check Results for Package RandPro

Last updated on 2022-08-14 11:53:09 CEST.

Flavor Version Tinstall Tcheck Ttotal Status Flags
r-devel-linux-x86_64-debian-clang 0.2.2 15.86 137.37 153.23 NOTE
r-devel-linux-x86_64-debian-gcc 0.2.2 13.12 100.03 113.15 NOTE
r-devel-linux-x86_64-fedora-clang 0.2.2 202.91 NOTE
r-devel-linux-x86_64-fedora-gcc 0.2.2 194.67 NOTE
r-devel-windows-x86_64 0.2.2 19.00 151.00 170.00 NOTE
r-patched-linux-x86_64 0.2.2 12.62 125.81 138.43 NOTE
r-release-linux-x86_64 0.2.2 13.85 128.12 141.97 NOTE
r-release-macos-arm64 0.2.2 52.00 NOTE
r-release-macos-x86_64 0.2.2 88.00 NOTE
r-release-windows-x86_64 0.2.2 19.00 148.00 167.00 NOTE
r-oldrel-macos-arm64 0.2.2 51.00 NOTE
r-oldrel-macos-x86_64 0.2.2 94.00 NOTE
r-oldrel-windows-ix86+x86_64 0.2.2 36.00 155.00 191.00 NOTE

Check Details

Version: 0.2.2
Check: LazyData
Result: NOTE
     'LazyData' is specified without a 'data' directory
Flavors: r-devel-linux-x86_64-debian-clang, r-devel-linux-x86_64-debian-gcc, r-devel-linux-x86_64-fedora-clang, r-devel-linux-x86_64-fedora-gcc, r-devel-windows-x86_64, r-patched-linux-x86_64, r-release-linux-x86_64, r-release-macos-arm64, r-release-macos-x86_64, r-release-windows-x86_64, r-oldrel-macos-arm64, r-oldrel-macos-x86_64, r-oldrel-windows-ix86+x86_64