CRAN Package Check Results for Package Ramble

Last updated on 2023-06-09 19:56:33 CEST.

Flavor Version Tinstall Tcheck Ttotal Status Flags
r-devel-linux-x86_64-debian-clang 0.1.1 2.48 30.47 32.95 NOTE
r-devel-linux-x86_64-debian-gcc 0.1.1 1.62 24.27 25.89 NOTE
r-devel-linux-x86_64-fedora-clang 0.1.1 42.80 NOTE
r-devel-linux-x86_64-fedora-gcc 0.1.1 51.49 NOTE
r-devel-windows-x86_64 0.1.1 3.00 51.00 54.00 NOTE
r-patched-linux-x86_64 0.1.1 3.38 29.91 33.29 NOTE
r-release-linux-x86_64 0.1.1 1.66 29.62 31.28 NOTE
r-release-macos-arm64 0.1.1 24.00 NOTE
r-release-macos-x86_64 0.1.1 34.00 NOTE
r-release-windows-x86_64 0.1.1 3.00 52.00 55.00 NOTE
r-oldrel-macos-arm64 0.1.1 22.00 NOTE
r-oldrel-macos-x86_64 0.1.1 25.00 NOTE
r-oldrel-windows-x86_64 0.1.1 4.00 51.00 55.00 NOTE

Check Details

Version: 0.1.1
Check: LazyData
Result: NOTE
     'LazyData' is specified without a 'data' directory
Flavors: r-devel-linux-x86_64-debian-clang, r-devel-linux-x86_64-debian-gcc, r-devel-linux-x86_64-fedora-clang, r-devel-linux-x86_64-fedora-gcc, r-devel-windows-x86_64, r-patched-linux-x86_64, r-release-linux-x86_64, r-release-macos-arm64, r-release-macos-x86_64, r-release-windows-x86_64, r-oldrel-macos-arm64, r-oldrel-macos-x86_64, r-oldrel-windows-x86_64