Last updated on 2023-12-11 05:52:04 CET.
Flavor | Version | Tinstall | Tcheck | Ttotal | Status | Flags |
---|---|---|---|---|---|---|
r-devel-linux-x86_64-debian-clang | 1.0.1 | 11.02 | 24.48 | 35.50 | OK | |
r-devel-linux-x86_64-debian-gcc | 1.0.1 | 9.43 | 19.72 | 29.15 | OK | |
r-devel-linux-x86_64-fedora-clang | 1.0.1 | 44.36 | OK | |||
r-devel-linux-x86_64-fedora-gcc | 1.0.1 | 42.60 | OK | |||
r-devel-windows-x86_64 | 1.0.1 | 11.00 | 41.00 | 52.00 | OK | |
r-patched-linux-x86_64 | 1.0.1 | 9.29 | 24.28 | 33.57 | OK | |
r-release-linux-x86_64 | 1.0.1 | 10.18 | 25.05 | 35.23 | OK | |
r-release-macos-arm64 | 1.0.1 | 25.00 | NOTE | |||
r-release-macos-x86_64 | 1.0.1 | 33.00 | NOTE | |||
r-release-windows-x86_64 | 1.0.1 | 12.00 | 43.00 | 55.00 | OK | |
r-oldrel-macos-arm64 | 1.0.1 | 23.00 | NOTE | |||
r-oldrel-macos-x86_64 | 1.0.1 | 28.00 | OK | |||
r-oldrel-windows-x86_64 | 1.0.1 | 14.00 | 46.00 | 60.00 | OK |
Version: 1.0.1
Check: installed package size
Result: NOTE
installed size is 5.2Mb
sub-directories of 1Mb or more:
data 5.0Mb
Flavors: r-release-macos-arm64, r-release-macos-x86_64, r-oldrel-macos-arm64