Last updated on 2023-12-10 07:49:49 CET.
Flavor | Version | Tinstall | Tcheck | Ttotal | Status | Flags |
---|---|---|---|---|---|---|
r-devel-linux-x86_64-debian-clang | 1.2.9 | 483.29 | 706.35 | 1189.64 | OK | |
r-devel-linux-x86_64-debian-gcc | 1.2.9 | 359.68 | 522.99 | 882.67 | OK | |
r-devel-linux-x86_64-fedora-clang | 1.2.9 | 1693.25 | NOTE | |||
r-devel-linux-x86_64-fedora-gcc | 1.2.9 | 1762.00 | OK | |||
r-devel-windows-x86_64 | 1.2.9 | 410.00 | 595.00 | 1005.00 | NOTE | |
r-patched-linux-x86_64 | 1.2.9 | 348.93 | 650.69 | 999.62 | OK | |
r-release-linux-x86_64 | 1.2.9 | 335.11 | 647.57 | 982.68 | OK | |
r-release-macos-arm64 | 1.2.9 | 422.00 | NOTE | |||
r-release-macos-x86_64 | 1.2.9 | 333.00 | NOTE | |||
r-release-windows-x86_64 | 1.2.9 | 513.00 | 751.00 | 1264.00 | NOTE | |
r-oldrel-macos-arm64 | 1.2.9 | 414.00 | NOTE | |||
r-oldrel-macos-x86_64 | 1.2.7 | 498.00 | NOTE | |||
r-oldrel-windows-x86_64 | 1.2.9 | 340.00 | 714.00 | 1054.00 | NOTE |
Version: 1.2.9
Check: installed package size
Result: NOTE
installed size is 10.8Mb
sub-directories of 1Mb or more:
doc 5.3Mb
htmlwidgets 1.8Mb
libs 1.5Mb
Flavors: r-devel-linux-x86_64-fedora-clang, r-devel-windows-x86_64, r-release-macos-arm64, r-release-macos-x86_64, r-release-windows-x86_64, r-oldrel-macos-arm64, r-oldrel-windows-x86_64
Version: 1.2.7
Check: installed package size
Result: NOTE
installed size is 24.7Mb
sub-directories of 1Mb or more:
doc 5.3Mb
htmlwidgets 1.8Mb
libs 15.6Mb
Flavor: r-oldrel-macos-x86_64