CRAN Package Check Results for Package RaPKod

Last updated on 2019-05-22 07:50:00 CEST.

Flavor Version Tinstall Tcheck Ttotal Status Flags
r-devel-linux-x86_64-debian-clang 0.9 26.65 37.64 64.29 NOTE
r-devel-linux-x86_64-debian-gcc 0.9 21.42 30.12 51.54 NOTE
r-devel-linux-x86_64-fedora-clang 0.9 87.44 NOTE
r-devel-linux-x86_64-fedora-gcc 0.9 84.97 NOTE
r-devel-windows-ix86+x86_64 0.9 56.00 111.00 167.00 OK
r-patched-linux-x86_64 0.9 25.17 37.82 62.99 NOTE
r-patched-solaris-x86 0.9 108.80 OK
r-release-linux-x86_64 0.9 24.92 37.86 62.78 NOTE
r-release-windows-ix86+x86_64 0.9 79.00 79.00 158.00 OK
r-release-osx-x86_64 0.9 OK
r-oldrel-windows-ix86+x86_64 0.9 56.00 70.00 126.00 OK
r-oldrel-osx-x86_64 0.9 OK

Check Details

Version: 0.9
Check: use of SHLIB_OPENMP_*FLAGS in Makefiles
Result: NOTE
     src/Makevars: SHLIB_OPENMP_CXXFLAGS is included in PKG_CXXFLAGS but not in PKG_LIBS
     src/Makevars: SHLIB_OPENMP_CFLAGS is included in PKG_LIBS but linking is by C++
     src/Makevars.win: SHLIB_OPENMP_CXXFLAGS is included in PKG_CXXFLAGS but not in PKG_LIBS
     src/Makevars.win: SHLIB_OPENMP_CFLAGS is included in PKG_LIBS but linking is by C++
    Use of these macros is discussed in sect 1.2.1.1 of 'Writing R
    Extensions'. The macros for different languages may differ so the
    matching macro must be used in PKG_CXXFLAGS (etc) and match that used
    in PKG_LIBS (except for Fortran: see the manual).
Flavors: r-devel-linux-x86_64-debian-clang, r-devel-linux-x86_64-debian-gcc, r-devel-linux-x86_64-fedora-clang, r-devel-linux-x86_64-fedora-gcc, r-patched-linux-x86_64, r-release-linux-x86_64