CRAN Package Check Results for Package RWebLogo

Last updated on 2020-06-04 15:49:22 CEST.

Flavor Version Tinstall Tcheck Ttotal Status Flags
r-devel-linux-x86_64-debian-clang 1.0.3 2.80 24.96 27.76 NOTE
r-devel-linux-x86_64-debian-gcc 1.0.3 2.12 19.26 21.38 NOTE
r-devel-linux-x86_64-fedora-clang 1.0.3 48.75 NOTE
r-devel-linux-x86_64-fedora-gcc 1.0.3 39.96 NOTE
r-devel-windows-ix86+x86_64 1.0.3 15.00 34.00 49.00 NOTE
r-patched-linux-x86_64 1.0.3 2.91 24.69 27.60 NOTE
r-patched-solaris-x86 1.0.3 62.20 NOTE
r-release-linux-x86_64 1.0.3 2.49 24.50 26.99 NOTE
r-release-osx-x86_64 1.0.3 NOTE
r-release-windows-ix86+x86_64 1.0.3 11.00 37.00 48.00 NOTE
r-oldrel-osx-x86_64 1.0.3 NOTE
r-oldrel-windows-ix86+x86_64 1.0.3 18.00 32.00 50.00 NOTE

Check Details

Version: 1.0.3
Check: R code for possible problems
Result: NOTE
    weblogo: no visible global function definition for 'browseURL'
    Undefined global functions or variables:
     browseURL
    Consider adding
     importFrom("utils", "browseURL")
    to your NAMESPACE file.
Flavors: r-devel-linux-x86_64-debian-clang, r-devel-linux-x86_64-debian-gcc, r-devel-linux-x86_64-fedora-clang, r-devel-linux-x86_64-fedora-gcc, r-devel-windows-ix86+x86_64, r-patched-linux-x86_64, r-patched-solaris-x86, r-release-linux-x86_64, r-release-osx-x86_64, r-release-windows-ix86+x86_64, r-oldrel-osx-x86_64, r-oldrel-windows-ix86+x86_64

Version: 1.0.3
Check: for non-standard things in the check directory
Result: NOTE
    Found the following files/directories:
     'RWebLogo.pdf' 'RWebLogo.png'
Flavors: r-devel-linux-x86_64-debian-clang, r-devel-linux-x86_64-debian-gcc, r-devel-linux-x86_64-fedora-clang, r-devel-linux-x86_64-fedora-gcc, r-patched-linux-x86_64, r-patched-solaris-x86, r-release-linux-x86_64