CRAN Package Check Results for Package RWebLogo

Last updated on 2019-07-16 07:51:03 CEST.

Flavor Version Tinstall Tcheck Ttotal Status Flags
r-devel-linux-x86_64-debian-clang 1.0.3 2.13 23.34 25.47 NOTE
r-devel-linux-x86_64-debian-gcc 1.0.3 1.68 18.87 20.55 NOTE
r-devel-linux-x86_64-fedora-clang 1.0.3 38.40 NOTE
r-devel-linux-x86_64-fedora-gcc 1.0.3 37.11 NOTE
r-devel-windows-ix86+x86_64 1.0.3 15.00 32.00 47.00 NOTE
r-patched-linux-x86_64 1.0.3 2.08 23.19 25.27 NOTE
r-patched-solaris-x86 1.0.3 64.60 NOTE
r-release-linux-x86_64 1.0.3 2.15 23.22 25.37 NOTE
r-release-windows-ix86+x86_64 1.0.3 11.00 43.00 54.00 NOTE
r-release-osx-x86_64 1.0.3 NOTE
r-oldrel-windows-ix86+x86_64 1.0.3 12.00 32.00 44.00 NOTE
r-oldrel-osx-x86_64 1.0.3 NOTE

Check Details

Version: 1.0.3
Check: R code for possible problems
Result: NOTE
    weblogo: no visible global function definition for 'browseURL'
    Undefined global functions or variables:
     browseURL
    Consider adding
     importFrom("utils", "browseURL")
    to your NAMESPACE file.
Flavors: r-devel-linux-x86_64-debian-clang, r-devel-linux-x86_64-debian-gcc, r-devel-linux-x86_64-fedora-clang, r-devel-linux-x86_64-fedora-gcc, r-devel-windows-ix86+x86_64, r-patched-linux-x86_64, r-patched-solaris-x86, r-release-linux-x86_64, r-release-windows-ix86+x86_64, r-release-osx-x86_64, r-oldrel-windows-ix86+x86_64, r-oldrel-osx-x86_64

Version: 1.0.3
Check: for non-standard things in the check directory
Result: NOTE
    Found the following files/directories:
     'RWebLogo.pdf' 'RWebLogo.png'
Flavors: r-devel-linux-x86_64-debian-clang, r-devel-linux-x86_64-debian-gcc, r-devel-linux-x86_64-fedora-clang, r-devel-linux-x86_64-fedora-gcc