CRAN Package Check Results for Package RWebLogo

Last updated on 2019-05-21 19:47:22 CEST.

Flavor Version Tinstall Tcheck Ttotal Status Flags
r-devel-linux-x86_64-debian-clang 1.0.3 2.25 23.06 25.31 NOTE
r-devel-linux-x86_64-debian-gcc 1.0.3 1.70 19.21 20.91 NOTE
r-devel-linux-x86_64-fedora-clang 1.0.3 40.75 NOTE
r-devel-linux-x86_64-fedora-gcc 1.0.3 38.11 NOTE
r-devel-windows-ix86+x86_64 1.0.3 10.00 43.00 53.00 NOTE
r-patched-linux-x86_64 1.0.3 2.28 23.53 25.81 NOTE
r-patched-solaris-x86 1.0.3 64.10 NOTE
r-release-linux-x86_64 1.0.3 2.09 23.23 25.32 NOTE
r-release-windows-ix86+x86_64 1.0.3 15.00 45.00 60.00 NOTE
r-release-osx-x86_64 1.0.3 NOTE
r-oldrel-windows-ix86+x86_64 1.0.3 7.00 30.00 37.00 NOTE
r-oldrel-osx-x86_64 1.0.3 NOTE

Check Details

Version: 1.0.3
Check: R code for possible problems
Result: NOTE
    weblogo: no visible global function definition for 'browseURL'
    Undefined global functions or variables:
     browseURL
    Consider adding
     importFrom("utils", "browseURL")
    to your NAMESPACE file.
Flavors: r-devel-linux-x86_64-debian-clang, r-devel-linux-x86_64-debian-gcc, r-devel-linux-x86_64-fedora-clang, r-devel-linux-x86_64-fedora-gcc, r-devel-windows-ix86+x86_64, r-patched-linux-x86_64, r-patched-solaris-x86, r-release-linux-x86_64, r-release-windows-ix86+x86_64, r-release-osx-x86_64, r-oldrel-windows-ix86+x86_64, r-oldrel-osx-x86_64