CRAN Package Check Results for Package RVAideMemoire

Last updated on 2022-01-23 18:51:02 CET.

Flavor Version Tinstall Tcheck Ttotal Status Flags
r-devel-linux-x86_64-debian-clang 0.9-81 19.01 138.11 157.12 NOTE
r-devel-linux-x86_64-debian-gcc 0.9-81 18.15 112.50 130.65 NOTE
r-devel-linux-x86_64-fedora-clang 0.9-81 201.89 NOTE
r-devel-linux-x86_64-fedora-gcc 0.9-81 181.74 NOTE
r-devel-windows-x86_64-new-UL 0.9-81 507.00 182.00 689.00 NOTE
r-devel-windows-x86_64-new-TK 0.9-81 ERROR
r-patched-linux-x86_64 0.9-81 28.14 135.58 163.72 NOTE
r-release-linux-x86_64 0.9-81 18.23 135.90 154.13 NOTE
r-release-macos-arm64 0.9-81 NOTE
r-release-macos-x86_64 0.9-81 NOTE
r-release-windows-ix86+x86_64 0.9-81 35.00 171.00 206.00 NOTE
r-oldrel-macos-x86_64 0.9-81 NOTE
r-oldrel-windows-ix86+x86_64 0.9-81 34.00 168.00 202.00 NOTE

Check Details

Version: 0.9-81
Check: Rd cross-references
Result: NOTE
    Unknown package 'glmmADMB' in Rd xrefs
Flavors: r-devel-linux-x86_64-debian-clang, r-devel-linux-x86_64-debian-gcc, r-devel-linux-x86_64-fedora-gcc, r-devel-windows-x86_64-new-UL, r-patched-linux-x86_64, r-release-linux-x86_64, r-release-macos-arm64, r-release-macos-x86_64, r-release-windows-ix86+x86_64, r-oldrel-macos-x86_64, r-oldrel-windows-ix86+x86_64

Version: 0.9-81
Check: Rd cross-references
Result: NOTE
    Undeclared packages ‘glmmTMB’, ‘glmmADMB’ in Rd xrefs
    Unknown package ‘glmmADMB’ in Rd xrefs
Flavor: r-devel-linux-x86_64-fedora-clang

Version: 0.9-81
Check: package dependencies
Result: ERROR
    Packages required but not available: 'car', 'FactoMineR', 'lme4'
    
    Package suggested but not available for checking: 'FSA'
    
    See section 'The DESCRIPTION file' in the 'Writing R Extensions'
    manual.
Flavor: r-devel-windows-x86_64-new-TK