Last updated on 2022-07-03 20:50:56 CEST.
Flavor | Version | Tinstall | Tcheck | Ttotal | Status | Flags |
---|---|---|---|---|---|---|
r-devel-linux-x86_64-debian-clang | 0.9-81-2 | 21.55 | 136.43 | 157.98 | NOTE | |
r-devel-linux-x86_64-debian-gcc | 0.9-81-2 | 15.11 | 99.61 | 114.72 | NOTE | |
r-devel-linux-x86_64-fedora-clang | 0.9-81-2 | 189.00 | NOTE | |||
r-devel-linux-x86_64-fedora-gcc | 0.9-81-2 | 189.47 | NOTE | |||
r-devel-windows-x86_64 | 0.9-81-2 | 169.00 | 179.00 | 348.00 | NOTE | |
r-patched-linux-x86_64 | 0.9-81-2 | 25.93 | 124.61 | 150.54 | NOTE | |
r-release-linux-x86_64 | 0.9-81-2 | 20.37 | 125.86 | 146.23 | NOTE | |
r-release-macos-arm64 | 0.9-81-2 | 47.00 | NOTE | |||
r-release-macos-x86_64 | 0.9-81-2 | 82.00 | NOTE | |||
r-release-windows-x86_64 | 0.9-81-2 | 262.00 | 172.00 | 434.00 | NOTE | |
r-oldrel-macos-arm64 | 0.9-81-2 | 34.00 | NOTE | |||
r-oldrel-macos-x86_64 | 0.9-81-2 | 67.00 | NOTE | |||
r-oldrel-windows-ix86+x86_64 | 0.9-81-2 | 37.00 | 173.00 | 210.00 | NOTE |
Version: 0.9-81-2
Check: package dependencies
Result: NOTE
Package which this enhances but not available for checking: 'glmmADMB'
Flavors: r-devel-linux-x86_64-debian-clang, r-devel-linux-x86_64-debian-gcc, r-devel-linux-x86_64-fedora-clang, r-devel-linux-x86_64-fedora-gcc, r-devel-windows-x86_64, r-patched-linux-x86_64, r-release-linux-x86_64, r-release-macos-arm64, r-release-macos-x86_64, r-release-windows-x86_64, r-oldrel-macos-arm64, r-oldrel-macos-x86_64, r-oldrel-windows-ix86+x86_64