CRAN Package Check Results for Package RVAideMemoire

Last updated on 2019-08-24 22:46:37 CEST.

Flavor Version Tinstall Tcheck Ttotal Status Flags
r-devel-linux-x86_64-debian-clang 0.9-73 18.42 102.49 120.91 OK
r-devel-linux-x86_64-debian-gcc 0.9-73 13.47 78.42 91.89 OK
r-devel-linux-x86_64-fedora-clang 0.9-73 148.04 OK
r-devel-linux-x86_64-fedora-gcc 0.9-73 141.72 OK
r-devel-windows-ix86+x86_64 0.9-73 30.00 129.00 159.00 OK
r-patched-linux-x86_64 0.9-73 13.67 102.24 115.91 OK
r-patched-solaris-x86 0.9-73 175.60 OK
r-release-linux-x86_64 0.9-73 15.59 102.33 117.92 OK
r-release-windows-ix86+x86_64 0.9-73 42.00 172.00 214.00 OK
r-release-osx-x86_64 0.9-73 ERROR
r-oldrel-windows-ix86+x86_64 0.9-73 30.00 149.00 179.00 OK
r-oldrel-osx-x86_64 0.9-73 OK

Check Details

Version: 0.9-73
Check: package dependencies
Result: ERROR
    Package required but not available: ‘mixOmics’
    
    See section ‘The DESCRIPTION file’ in the ‘Writing R Extensions’
    manual.
Flavor: r-release-osx-x86_64