CRAN Package Check Results for Package RUnit

Last updated on 2020-10-21 08:49:26 CEST.

Flavor Version Tinstall Tcheck Ttotal Status Flags
r-devel-linux-x86_64-debian-clang 0.4.32 4.12 34.42 38.54 NOTE
r-devel-linux-x86_64-debian-gcc 0.4.32 3.27 27.17 30.44 NOTE
r-devel-linux-x86_64-fedora-clang 0.4.32 54.89 NOTE
r-devel-linux-x86_64-fedora-gcc 0.4.32 47.01 NOTE
r-devel-windows-ix86+x86_64 0.4.32 7.00 58.00 65.00 OK
r-patched-linux-x86_64 0.4.32 3.68 33.00 36.68 NOTE
r-patched-solaris-x86 0.4.32 66.30 NOTE
r-release-linux-x86_64 0.4.32 3.65 32.75 36.40 NOTE
r-release-macos-x86_64 0.4.32 OK
r-release-windows-ix86+x86_64 0.4.32 7.00 58.00 65.00 OK
r-oldrel-macos-x86_64 0.4.32 OK
r-oldrel-windows-ix86+x86_64 0.4.32 6.00 49.00 55.00 OK

Check Details

Version: 0.4.32
Check: for non-standard things in the check directory
Result: NOTE
    Found the following files/directories:
     'results'
Flavors: r-devel-linux-x86_64-debian-clang, r-devel-linux-x86_64-debian-gcc, r-devel-linux-x86_64-fedora-clang, r-devel-linux-x86_64-fedora-gcc, r-patched-linux-x86_64, r-patched-solaris-x86, r-release-linux-x86_64