CRAN Package Check Results for Package RSwissMaps

Last updated on 2019-09-15 08:47:28 CEST.

Flavor Version Tinstall Tcheck Ttotal Status Flags
r-devel-linux-x86_64-debian-clang 0.1.0.1 5.10 51.08 56.18 NOTE
r-devel-linux-x86_64-debian-gcc 0.1.0.1 4.68 38.82 43.50 NOTE
r-devel-linux-x86_64-fedora-clang 0.1.0.1 66.60 NOTE
r-devel-linux-x86_64-fedora-gcc 0.1.0.1 65.55 NOTE
r-devel-windows-ix86+x86_64 0.1.0.1 16.00 84.00 100.00 NOTE
r-patched-linux-x86_64 0.1.0.1 4.85 49.81 54.66 OK
r-patched-solaris-x86 0.1.0.1 91.40 NOTE
r-release-linux-x86_64 0.1.0.1 5.63 49.78 55.41 OK
r-release-windows-ix86+x86_64 0.1.0.1 8.00 61.00 69.00 OK
r-release-osx-x86_64 0.1.0.1 NOTE
r-oldrel-windows-ix86+x86_64 0.1.0.1 9.00 57.00 66.00 OK
r-oldrel-osx-x86_64 0.1.0.1 NOTE

Check Details

Version: 0.1.0.1
Check: package vignettes
Result: NOTE
    Package vignette with placeholder title 'Vignette Title':
     'vignette.Rmd'
Flavors: r-devel-linux-x86_64-debian-clang, r-devel-linux-x86_64-debian-gcc, r-devel-windows-ix86+x86_64

Version: 0.1.0.1
Check: for non-standard things in the check directory
Result: NOTE
    Found the following files/directories:
     'mapCH2017.rda'
Flavors: r-devel-linux-x86_64-debian-clang, r-devel-linux-x86_64-debian-gcc, r-devel-linux-x86_64-fedora-clang, r-devel-linux-x86_64-fedora-gcc

Version: 0.1.0.1
Check: data for non-ASCII characters
Result: NOTE
     Note: found 18627 marked UTF-8 strings
Flavors: r-devel-linux-x86_64-fedora-clang, r-devel-linux-x86_64-fedora-gcc, r-patched-solaris-x86, r-release-osx-x86_64, r-oldrel-osx-x86_64