CRAN Package Check Results for Package RSwissMaps

Last updated on 2020-01-19 21:48:56 CET.

Flavor Version Tinstall Tcheck Ttotal Status Flags
r-devel-linux-x86_64-debian-clang 0.1.0.1 5.86 55.59 61.45 NOTE
r-devel-linux-x86_64-debian-gcc 0.1.0.1 4.16 41.34 45.50 NOTE
r-devel-linux-x86_64-fedora-clang 0.1.0.1 72.11 NOTE
r-devel-linux-x86_64-fedora-gcc 0.1.0.1 69.64 NOTE
r-devel-windows-ix86+x86_64 0.1.0.1 13.00 91.00 104.00 NOTE
r-devel-windows-ix86+x86_64-gcc8 0.1.0.1 13.00 88.00 101.00 NOTE
r-patched-linux-x86_64 0.1.0.1 5.03 49.73 54.76 OK
r-patched-solaris-x86 0.1.0.1 93.50 NOTE
r-release-linux-x86_64 0.1.0.1 4.52 49.86 54.38 OK
r-release-windows-ix86+x86_64 0.1.0.1 14.00 86.00 100.00 OK
r-release-osx-x86_64 0.1.0.1 NOTE
r-oldrel-windows-ix86+x86_64 0.1.0.1 5.00 58.00 63.00 OK
r-oldrel-osx-x86_64 0.1.0.1 NOTE

Check Details

Version: 0.1.0.1
Check: package vignettes
Result: NOTE
    Package vignette with placeholder title 'Vignette Title':
     'vignette.Rmd'
Flavors: r-devel-linux-x86_64-debian-clang, r-devel-linux-x86_64-debian-gcc, r-devel-windows-ix86+x86_64, r-devel-windows-ix86+x86_64-gcc8

Version: 0.1.0.1
Check: for non-standard things in the check directory
Result: NOTE
    Found the following files/directories:
     'mapCH2017.rda'
Flavors: r-devel-linux-x86_64-debian-clang, r-devel-linux-x86_64-debian-gcc, r-devel-linux-x86_64-fedora-clang, r-devel-linux-x86_64-fedora-gcc

Version: 0.1.0.1
Check: data for non-ASCII characters
Result: NOTE
     Note: found 18627 marked UTF-8 strings
Flavors: r-devel-linux-x86_64-fedora-clang, r-devel-linux-x86_64-fedora-gcc, r-patched-solaris-x86, r-release-osx-x86_64, r-oldrel-osx-x86_64