Last updated on 2023-10-01 22:03:38 CEST.
Flavor | Version | Tinstall | Tcheck | Ttotal | Status | Flags |
---|---|---|---|---|---|---|
r-devel-linux-x86_64-debian-clang | 0.16-1 | 183.75 | 79.86 | 263.61 | OK | |
r-devel-linux-x86_64-debian-gcc | 0.16-1 | 165.81 | 66.00 | 231.81 | OK | |
r-devel-linux-x86_64-fedora-clang | 0.16-1 | 337.84 | OK | |||
r-devel-linux-x86_64-fedora-gcc | 0.16-1 | 454.36 | OK | |||
r-devel-windows-x86_64 | 0.16-1 | 136.00 | 105.00 | 241.00 | OK | |
r-patched-linux-x86_64 | 0.16-1 | 214.18 | 83.97 | 298.15 | OK | |
r-release-linux-x86_64 | 0.16-1 | 212.20 | 84.29 | 296.49 | OK | |
r-release-macos-arm64 | 0.16-1 | 115.00 | NOTE | |||
r-release-macos-x86_64 | 0.16-1 | 176.00 | NOTE | |||
r-release-windows-x86_64 | 0.16-1 | 174.00 | 121.00 | 295.00 | OK | |
r-oldrel-macos-arm64 | 0.16-1 | 114.00 | NOTE | |||
r-oldrel-macos-x86_64 | 0.16-1 | 174.00 | NOTE | |||
r-oldrel-windows-x86_64 | 0.16-1 | 158.00 | 117.00 | 275.00 | OK |
Version: 0.16-1
Check: installed package size
Result: NOTE
installed size is 45.0Mb
sub-directories of 1Mb or more:
libs 44.3Mb
Flavors: r-release-macos-arm64, r-release-macos-x86_64, r-oldrel-macos-arm64, r-oldrel-macos-x86_64