CRAN Package Check Results for Package RSpectra

Last updated on 2020-08-12 22:48:32 CEST.

Flavor Version Tinstall Tcheck Ttotal Status Flags
r-devel-linux-x86_64-debian-clang 0.16-0 181.81 64.35 246.16 OK
r-devel-linux-x86_64-debian-gcc 0.16-0 173.99 54.66 228.65 OK
r-devel-linux-x86_64-fedora-clang 0.16-0 373.16 NOTE
r-devel-linux-x86_64-fedora-gcc 0.16-0 399.09 OK
r-devel-windows-ix86+x86_64 0.16-0 393.00 163.00 556.00 OK
r-patched-linux-x86_64 0.16-0 192.12 68.63 260.75 OK
r-patched-solaris-x86 0.16-0 313.00 OK
r-release-linux-x86_64 0.16-0 193.14 67.90 261.04 OK
r-release-macos-x86_64 0.16-0 NOTE
r-release-windows-ix86+x86_64 0.16-0 392.00 150.00 542.00 OK
r-oldrel-macos-x86_64 0.16-0 NOTE
r-oldrel-windows-ix86+x86_64 0.16-0 276.00 102.00 378.00 OK

Check Details

Version: 0.16-0
Check: installed package size
Result: NOTE
     installed size is 47.2Mb
     sub-directories of 1Mb or more:
     libs 46.5Mb
Flavors: r-devel-linux-x86_64-fedora-clang, r-release-macos-x86_64, r-oldrel-macos-x86_64