CRAN Package Check Results for Package RSpectra

Last updated on 2020-01-25 08:50:11 CET.

Flavor Version Tinstall Tcheck Ttotal Status Flags
r-devel-linux-x86_64-debian-clang 0.16-0 173.82 64.34 238.16 OK
r-devel-linux-x86_64-debian-gcc 0.16-0 165.49 54.29 219.78 OK
r-devel-linux-x86_64-fedora-clang 0.16-0 329.04 NOTE
r-devel-linux-x86_64-fedora-gcc 0.16-0 378.18 OK
r-devel-windows-ix86+x86_64 0.16-0 367.00 142.00 509.00 OK
r-devel-windows-ix86+x86_64-gcc8 0.16-0 384.00 142.00 526.00 OK
r-patched-linux-x86_64 0.16-0 182.33 61.53 243.86 OK
r-patched-solaris-x86 0.16-0 303.00 OK
r-release-linux-x86_64 0.16-0 179.69 61.50 241.19 OK
r-release-windows-ix86+x86_64 0.16-0 361.00 96.00 457.00 OK
r-release-osx-x86_64 0.16-0 NOTE
r-oldrel-windows-ix86+x86_64 0.16-0 251.00 94.00 345.00 OK
r-oldrel-osx-x86_64 0.16-0 NOTE

Check Details

Version: 0.16-0
Check: installed package size
Result: NOTE
     installed size is 45.2Mb
     sub-directories of 1Mb or more:
     libs 44.6Mb
Flavors: r-devel-linux-x86_64-fedora-clang, r-release-osx-x86_64, r-oldrel-osx-x86_64