Last updated on 2022-08-11 15:50:25 CEST.
Flavor | Version | Tinstall | Tcheck | Ttotal | Status | Flags |
---|---|---|---|---|---|---|
r-devel-linux-x86_64-debian-clang | 1.3.0.1 | 281.12 | 288.25 | 569.37 | WARN | |
r-devel-linux-x86_64-debian-gcc | 1.3.0.1 | 235.72 | 210.23 | 445.95 | OK | |
r-devel-linux-x86_64-fedora-clang | 1.3.0.1 | 987.01 | WARN | |||
r-devel-linux-x86_64-fedora-gcc | 1.3.0.1 | 718.40 | OK | |||
r-devel-windows-x86_64 | 1.3.0.1 | 719.00 | 310.00 | 1029.00 | OK | |
r-patched-linux-x86_64 | 1.3.0.1 | 249.46 | 271.12 | 520.58 | OK | |
r-release-linux-x86_64 | 1.3.0.1 | OK | ||||
r-release-macos-arm64 | 1.3.0.1 | 210.00 | NOTE | |||
r-release-macos-x86_64 | 1.3.0.1 | 263.00 | NOTE | |||
r-release-windows-x86_64 | 1.3.0.1 | 500.00 | 309.00 | 809.00 | OK | |
r-oldrel-macos-arm64 | 1.3.0.1 | 211.00 | NOTE | |||
r-oldrel-macos-x86_64 | 1.3.0.1 | 259.00 | NOTE | |||
r-oldrel-windows-ix86+x86_64 | 1.3.0.1 | 766.00 | 464.00 | 1230.00 | NOTE |
Version: 1.3.0.1
Check: whether package can be installed
Result: WARN
Found the following significant warnings:
model/ml/MLSimulation.cpp:1073:9: warning: use of bitwise '&' with boolean operands [-Wbitwise-instead-of-logical]
model/ml/MLSimulation.cpp:1588:9: warning: use of bitwise '&' with boolean operands [-Wbitwise-instead-of-logical]
model/variables/DependentVariable.cpp:1780:13: warning: use of bitwise '|' with boolean operands [-Wbitwise-instead-of-logical]
model/effects/EffectFactory.cpp:1414:11: warning: use of bitwise '|' with boolean operands [-Wbitwise-instead-of-logical]
model/effects/DiffusionRateEffect.cpp:57:6: warning: use of bitwise '|' with boolean operands [-Wbitwise-instead-of-logical]
model/effects/DiffusionRateEffect.cpp:126:13: warning: use of bitwise '|' with boolean operands [-Wbitwise-instead-of-logical]
model/StatisticCalculator.cpp:1665:13: warning: use of bitwise '|' with boolean operands [-Wbitwise-instead-of-logical]
model/effects/SettingSizeEffect.cpp:48:7: warning: use of bitwise '&' with boolean operands [-Wbitwise-instead-of-logical]
Flavors: r-devel-linux-x86_64-debian-clang, r-devel-linux-x86_64-fedora-clang
Version: 1.3.0.1
Check: installed package size
Result: NOTE
installed size is 14.3Mb
sub-directories of 1Mb or more:
R 1.0Mb
libs 12.4Mb
Flavors: r-devel-linux-x86_64-fedora-clang, r-release-macos-arm64, r-release-macos-x86_64, r-oldrel-macos-arm64, r-oldrel-macos-x86_64, r-oldrel-windows-ix86+x86_64