CRAN Package Check Results for Package RSclient

Last updated on 2019-05-22 07:50:02 CEST.

Flavor Version Tinstall Tcheck Ttotal Status Flags
r-devel-linux-x86_64-debian-clang 0.7-3 3.88 17.18 21.06 OK
r-devel-linux-x86_64-debian-gcc 0.7-3 2.61 14.20 16.81 OK
r-devel-linux-x86_64-fedora-clang 0.7-3 26.35 NOTE
r-devel-linux-x86_64-fedora-gcc 0.7-3 24.74 NOTE
r-devel-windows-ix86+x86_64 0.7-3 144.00 61.00 205.00 OK
r-patched-linux-x86_64 0.7-3 3.11 17.33 20.44 OK
r-patched-solaris-x86 0.7-3 38.90 OK
r-release-linux-x86_64 0.7-3 3.24 17.43 20.67 OK
r-release-windows-ix86+x86_64 0.7-3 28.00 63.00 91.00 OK
r-release-osx-x86_64 0.7-3 OK
r-oldrel-windows-ix86+x86_64 0.7-3 17.00 49.00 66.00 OK
r-oldrel-osx-x86_64 0.7-3 OK

Additional issues

rchk

Check Details

Version: 0.7-3
Check: compiled code
Result: NOTE
    File ‘RSclient/libs/RSclient.so’:
     Found no calls to: ‘R_registerRoutines’, ‘R_useDynamicSymbols’
    
    It is good practice to register native routines and to disable symbol
    search.
    
    See ‘Writing portable packages’ in the ‘Writing R Extensions’ manual.
Flavors: r-devel-linux-x86_64-fedora-clang, r-devel-linux-x86_64-fedora-gcc