CRAN Package Check Results for Package RSclient

Last updated on 2019-08-24 22:46:37 CEST.

Flavor Version Tinstall Tcheck Ttotal Status Flags
r-devel-linux-x86_64-debian-clang 0.7-3 4.35 17.65 22.00 OK
r-devel-linux-x86_64-debian-gcc 0.7-3 2.86 14.44 17.30 OK
r-devel-linux-x86_64-fedora-clang 0.7-3 28.34 NOTE
r-devel-linux-x86_64-fedora-gcc 0.7-3 25.09 NOTE
r-devel-windows-ix86+x86_64 0.7-3 26.00 69.00 95.00 OK
r-patched-linux-x86_64 0.7-3 2.86 17.50 20.36 OK
r-patched-solaris-x86 0.7-3 40.70 OK
r-release-linux-x86_64 0.7-3 3.26 17.79 21.05 OK
r-release-windows-ix86+x86_64 0.7-3 18.00 68.00 86.00 OK
r-release-osx-x86_64 0.7-3 OK
r-oldrel-windows-ix86+x86_64 0.7-3 17.00 49.00 66.00 OK
r-oldrel-osx-x86_64 0.7-3 OK

Additional issues

rchk

Check Details

Version: 0.7-3
Check: compiled code
Result: NOTE
    File ‘RSclient/libs/RSclient.so’:
     Found no calls to: ‘R_registerRoutines’, ‘R_useDynamicSymbols’
    
    It is good practice to register native routines and to disable symbol
    search.
    
    See ‘Writing portable packages’ in the ‘Writing R Extensions’ manual.
Flavors: r-devel-linux-x86_64-fedora-clang, r-devel-linux-x86_64-fedora-gcc