CRAN Package Check Results for Package RSQLite

Last updated on 2020-10-19 16:48:43 CEST.

Flavor Version Tinstall Tcheck Ttotal Status Flags
r-devel-linux-x86_64-debian-clang 2.2.1 259.37 62.56 321.93 OK
r-devel-linux-x86_64-debian-gcc 2.2.1 190.40 48.49 238.89 OK
r-devel-linux-x86_64-fedora-clang 2.2.1 460.71 NOTE
r-devel-linux-x86_64-fedora-gcc 2.2.1 405.35 OK
r-devel-windows-ix86+x86_64 2.2.1 445.00 109.00 554.00 NOTE
r-patched-linux-x86_64 2.2.1 232.06 60.64 292.70 OK
r-patched-solaris-x86 2.2.1 329.80 OK
r-release-linux-x86_64 2.2.1 224.21 60.72 284.93 OK
r-release-macos-x86_64 2.2.1 NOTE
r-release-windows-ix86+x86_64 2.2.1 443.00 137.00 580.00 NOTE
r-oldrel-macos-x86_64 2.2.1 NOTE
r-oldrel-windows-ix86+x86_64 2.2.1 360.00 108.00 468.00 OK

Check Details

Version: 2.2.1
Check: installed package size
Result: NOTE
     installed size is 13.6Mb
     sub-directories of 1Mb or more:
     libs 12.9Mb
Flavors: r-devel-linux-x86_64-fedora-clang, r-devel-windows-ix86+x86_64, r-release-macos-x86_64, r-release-windows-ix86+x86_64, r-oldrel-macos-x86_64