Last updated on 2022-06-29 11:52:20 CEST.
Flavor | Version | Tinstall | Tcheck | Ttotal | Status | Flags |
---|---|---|---|---|---|---|
r-devel-linux-x86_64-debian-clang | 2.2.14 | 260.55 | 80.29 | 340.84 | OK | |
r-devel-linux-x86_64-debian-gcc | 2.2.14 | 210.56 | 61.05 | 271.61 | OK | |
r-devel-linux-x86_64-fedora-clang | 2.2.14 | 501.91 | NOTE | |||
r-devel-linux-x86_64-fedora-gcc | 2.2.14 | 471.29 | OK | |||
r-devel-windows-x86_64 | 2.2.14 | 1193.00 | 174.00 | 1367.00 | OK | |
r-patched-linux-x86_64 | 2.2.14 | 224.99 | 78.93 | 303.92 | OK | |
r-release-linux-x86_64 | 2.2.14 | 229.52 | 78.18 | 307.70 | OK | |
r-release-macos-arm64 | 2.2.14 | 114.00 | NOTE | |||
r-release-macos-x86_64 | 2.2.14 | 174.00 | NOTE | |||
r-release-windows-x86_64 | 2.2.14 | 1319.00 | 160.00 | 1479.00 | OK | |
r-oldrel-macos-arm64 | 2.2.14 | 110.00 | NOTE | |||
r-oldrel-macos-x86_64 | 2.2.14 | 151.00 | NOTE | |||
r-oldrel-windows-ix86+x86_64 | 2.2.14 | 650.00 | 171.00 | 821.00 | NOTE |
Version: 2.2.14
Check: installed package size
Result: NOTE
installed size is 9.8Mb
sub-directories of 1Mb or more:
libs 9.1Mb
Flavors: r-devel-linux-x86_64-fedora-clang, r-release-macos-arm64, r-release-macos-x86_64, r-oldrel-macos-arm64, r-oldrel-macos-x86_64, r-oldrel-windows-ix86+x86_64