CRAN Package Check Results for Package RSQLite

Last updated on 2022-11-28 07:50:02 CET.

Flavor Version Tinstall Tcheck Ttotal Status Flags
r-devel-linux-x86_64-debian-clang 2.2.19 273.88 83.93 357.81 ERROR
r-devel-linux-x86_64-debian-gcc 2.2.19 209.95 63.99 273.94 OK
r-devel-linux-x86_64-fedora-clang 2.2.19 541.53 OK
r-devel-linux-x86_64-fedora-gcc 2.2.19 489.45 OK
r-devel-windows-x86_64 2.2.19 109.00 31.00 140.00 OK
r-patched-linux-x86_64 2.2.19 222.61 79.48 302.09 OK
r-release-linux-x86_64 2.2.19 227.31 79.00 306.31 OK
r-release-macos-arm64 2.2.18 125.00 NOTE
r-release-macos-x86_64 2.2.19 162.00 NOTE
r-release-windows-x86_64 2.2.18 931.00 180.00 1111.00 OK
r-oldrel-macos-arm64 2.2.18 123.00 NOTE
r-oldrel-macos-x86_64 2.2.19 157.00 NOTE
r-oldrel-windows-ix86+x86_64 2.2.18 647.00 179.00 826.00 NOTE

Check Details

Version: 2.2.19
Check: tests
Result: ERROR
     Running 'testthat.R' [20s/22s]
    Running the tests in 'tests/testthat.R' failed.
    Complete output:
     > # This file is part of the standard setup for testthat.
     > # It is recommended that you do not modify it.
     > #
     > # Where should you do additional test configuration?
     > # Learn more about the roles of various files in:
     > # * https://r-pkgs.org/tests.html
     > # * https://testthat.r-lib.org/reference/test_package.html#special-files
     >
     > library(testthat)
     > library(RSQLite)
     >
     > test_check("RSQLite")
     [ FAIL 2 | WARN 0 | SKIP 7 | PASS 595 ]
    
     == Skipped tests ===============================================================
     * NYI (1)
     * On CRAN (3)
     * On Linux (2)
     * astyle not found (1)
    
     == Failed tests ================================================================
     -- Failure ('test-encoding.R:23'): write tables whose colnames and contents are UTF-8 encoded (#277) --
     `res` (`actual`) not identical to `df` (`expected`).
    
     `names(actual)`: "X.U.4E2D..U.6587."
     `names(expected)`: "<U+4E2D><U+6587>"
    
     `actual$X.U.4E2D..U.6587.` is an integer vector (1, 2, 3)
     `expected$X.U.4E2D..U.6587.` is absent
    
     `actual$<U+4E2D><U+6587>` is absent
     `expected$<U+4E2D><U+6587>` is an integer vector (1, 2, 3)
     -- Failure ('test-encoding.R:33'): write tables whose colnames and contents are UTF-8 encoded (#277) --
     `res` (`actual`) not identical to `df` (`expected`).
    
     `names(actual)`: "X.U.4E2D..U.6587.1" "X.U.4E2D..U.6587.2"
     `names(expected)`: "<U+4E2D><U+6587>1" "<U+4E2D><U+6587>2"
    
     `actual$X.U.4E2D..U.6587.1` is an integer vector (1, 2, 3)
     `expected$X.U.4E2D..U.6587.1` is absent
    
     `actual$X.U.4E2D..U.6587.2` is a character vector ('<U+4E2D><U+6587>', '<U+4E2D><U+6587>', '<U+4E2D><U+6587>')
     `expected$X.U.4E2D..U.6587.2` is absent
    
     `actual$<U+4E2D><U+6587>1` is absent
     `expected$<U+4E2D><U+6587>1` is an integer vector (1, 2, 3)
    
     `actual$<U+4E2D><U+6587>2` is absent
     `expected$<U+4E2D><U+6587>2` is a character vector ('<U+4E2D><U+6587>', '<U+4E2D><U+6587>', '<U+4E2D><U+6587>')
    
     [ FAIL 2 | WARN 0 | SKIP 7 | PASS 595 ]
     Error: Test failures
     In addition: Warning message:
     call dbDisconnect() when finished working with a connection
     Execution halted
Flavor: r-devel-linux-x86_64-debian-clang

Version: 2.2.18
Check: installed package size
Result: NOTE
     installed size is 12.6Mb
     sub-directories of 1Mb or more:
     libs 11.9Mb
Flavors: r-release-macos-arm64, r-oldrel-macos-arm64, r-oldrel-windows-ix86+x86_64

Version: 2.2.19
Check: installed package size
Result: NOTE
     installed size is 12.6Mb
     sub-directories of 1Mb or more:
     libs 11.9Mb
Flavors: r-release-macos-x86_64, r-oldrel-macos-x86_64