Last updated on 2023-06-03 21:55:53 CEST.
Flavor | Version | Tinstall | Tcheck | Ttotal | Status | Flags |
---|---|---|---|---|---|---|
r-devel-linux-x86_64-debian-clang | 0.1 | 32.39 | 283.54 | 315.93 | OK | |
r-devel-linux-x86_64-debian-gcc | 0.1 | 28.85 | 218.58 | 247.43 | OK | |
r-devel-linux-x86_64-fedora-clang | 0.1 | 410.76 | NOTE | |||
r-devel-linux-x86_64-fedora-gcc | 0.1 | 422.76 | OK | |||
r-devel-windows-x86_64 | 0.1 | 32.00 | 195.00 | 227.00 | OK | |
r-patched-linux-x86_64 | 0.1 | OK | ||||
r-release-linux-x86_64 | 0.1 | 31.78 | 277.44 | 309.22 | OK | |
r-release-macos-arm64 | 0.1 | 122.00 | OK | |||
r-release-macos-x86_64 | 0.1 | 190.00 | OK | |||
r-release-windows-x86_64 | 0.1 | 40.00 | 248.00 | 288.00 | OK | |
r-oldrel-macos-arm64 | 0.1 | 74.00 | OK | |||
r-oldrel-macos-x86_64 | 0.1 | 135.00 | OK | |||
r-oldrel-windows-x86_64 | 0.1 | 39.00 | 242.00 | 281.00 | OK |
Version: 0.1
Check: package dependencies
Result: NOTE
Imports includes 24 non-default packages.
Importing from so many packages makes the package vulnerable to any of
them becoming unavailable. Move as many as possible to Suggests and
use conditionally.
Flavor: r-devel-linux-x86_64-fedora-clang