CRAN Package Check Results for Package RSDK

Last updated on 2023-06-09 18:52:10 CEST.

Flavor Version Tinstall Tcheck Ttotal Status Flags
r-devel-linux-x86_64-debian-clang 1.0.1 2.90 30.66 33.56 OK
r-devel-linux-x86_64-debian-gcc 1.0.1 2.23 23.57 25.80 OK
r-devel-linux-x86_64-fedora-clang 1.0.1 41.73 NOTE
r-devel-linux-x86_64-fedora-gcc 1.0.1 40.37 NOTE
r-devel-windows-x86_64 1.0.1 4.00 46.00 50.00 OK
r-patched-linux-x86_64 1.0.1 2.30 30.13 32.43 OK
r-release-linux-x86_64 1.0.1 1.71 29.64 31.35 OK
r-release-macos-arm64 1.0.1 20.00 OK
r-release-macos-x86_64 1.0.1 27.00 OK
r-release-windows-x86_64 1.0.1 5.00 49.00 54.00 OK
r-oldrel-macos-arm64 1.0.1 20.00 NOTE
r-oldrel-macos-x86_64 1.0.1 28.00 NOTE
r-oldrel-windows-x86_64 1.0.1 4.00 50.00 54.00 OK

Check Details

Version: 1.0.1
Check: dependencies in R code
Result: NOTE
    Namespaces in Imports field not imported from:
     ‘keys’ ‘shinyWidgets’ ‘testthat’
     All declared Imports should be used.
Flavors: r-devel-linux-x86_64-fedora-clang, r-devel-linux-x86_64-fedora-gcc, r-oldrel-macos-arm64, r-oldrel-macos-x86_64