CRAN Package Check Results for Package RSDA

Last updated on 2019-04-20 04:52:14 CEST.

Flavor Version Tinstall Tcheck Ttotal Status Flags
r-devel-linux-x86_64-debian-clang 2.0.8 17.66 137.15 154.81 OK
r-devel-linux-x86_64-debian-gcc 2.0.8 15.13 111.80 126.93 OK
r-devel-linux-x86_64-fedora-clang 2.0.8 182.66 NOTE
r-devel-linux-x86_64-fedora-gcc 2.0.8 171.06 NOTE
r-devel-windows-ix86+x86_64 2.0.8 54.00 228.00 282.00 OK
r-patched-linux-x86_64 2.0.8 18.69 135.43 154.12 OK
r-patched-solaris-x86 2.0.8 257.20 NOTE
r-release-linux-x86_64 2.0.8 11.55 124.03 135.58 OK
r-release-windows-ix86+x86_64 2.0.8 28.00 191.00 219.00 OK
r-release-osx-x86_64 2.0.8 NOTE
r-oldrel-windows-ix86+x86_64 2.0.8 29.00 201.00 230.00 OK
r-oldrel-osx-x86_64 2.0.8 NOTE

Check Details

Version: 2.0.8
Check: dependencies in R code
Result: NOTE
    Namespace in Imports field not imported from: ‘randomcoloR’
     All declared Imports should be used.
Flavors: r-devel-linux-x86_64-fedora-clang, r-devel-linux-x86_64-fedora-gcc, r-patched-solaris-x86, r-release-osx-x86_64, r-oldrel-osx-x86_64