CRAN Package Check Results for Package RSDA

Last updated on 2019-06-16 14:47:50 CEST.

Flavor Version Tinstall Tcheck Ttotal Status Flags
r-devel-linux-x86_64-debian-clang 2.0.8 17.65 137.70 155.35 NOTE
r-devel-linux-x86_64-debian-gcc 2.0.8 15.12 107.45 122.57 NOTE
r-devel-linux-x86_64-fedora-clang 2.0.8 180.37 NOTE
r-devel-linux-x86_64-fedora-gcc 2.0.8 176.29 NOTE
r-devel-windows-ix86+x86_64 2.0.8 48.00 170.00 218.00 OK
r-patched-linux-x86_64 2.0.8 17.05 135.02 152.07 OK
r-patched-solaris-x86 2.0.8 267.10 NOTE
r-release-linux-x86_64 2.0.8 20.76 134.65 155.41 OK
r-release-windows-ix86+x86_64 2.0.8 39.00 217.00 256.00 OK
r-release-osx-x86_64 2.0.8 NOTE
r-oldrel-windows-ix86+x86_64 2.0.8 26.00 183.00 209.00 OK
r-oldrel-osx-x86_64 2.0.8 NOTE

Check Details

Version: 2.0.8
Check: for non-standard things in the check directory
Result: NOTE
    Found the following files/directories:
     'temp4.csv'
Flavors: r-devel-linux-x86_64-debian-clang, r-devel-linux-x86_64-debian-gcc, r-devel-linux-x86_64-fedora-clang, r-devel-linux-x86_64-fedora-gcc

Version: 2.0.8
Check: dependencies in R code
Result: NOTE
    Namespace in Imports field not imported from: ‘randomcoloR’
     All declared Imports should be used.
Flavors: r-devel-linux-x86_64-fedora-clang, r-devel-linux-x86_64-fedora-gcc, r-patched-solaris-x86, r-release-osx-x86_64, r-oldrel-osx-x86_64