CRAN Package Check Results for Package RRRR

Last updated on 2022-01-23 05:01:32 CET.

Flavor Version Tinstall Tcheck Ttotal Status Flags
r-devel-linux-x86_64-debian-clang 1.1.0 3.66 88.29 91.95 NOTE
r-devel-linux-x86_64-debian-gcc 1.1.0 2.61 73.24 75.85 NOTE
r-devel-linux-x86_64-fedora-clang 1.1.0 119.74 NOTE
r-devel-linux-x86_64-fedora-gcc 1.1.0 101.05 NOTE
r-devel-windows-x86_64-new-UL 1.1.0 19.00 111.00 130.00 NOTE
r-devel-windows-x86_64-new-TK 1.1.0 NOTE
r-patched-linux-x86_64 1.1.0 2.99 83.56 86.55 NOTE
r-release-linux-x86_64 1.1.0 3.57 82.03 85.60 NOTE
r-release-macos-arm64 1.1.0 NOTE
r-release-macos-x86_64 1.1.0 NOTE
r-release-windows-ix86+x86_64 1.1.0 8.00 105.00 113.00 NOTE
r-oldrel-macos-x86_64 1.1.0 OK
r-oldrel-windows-ix86+x86_64 1.1.0 8.00 104.00 112.00 OK

Check Details

Version: 1.1.0
Check: LazyData
Result: NOTE
     'LazyData' is specified without a 'data' directory
Flavors: r-devel-linux-x86_64-debian-clang, r-devel-linux-x86_64-debian-gcc, r-devel-linux-x86_64-fedora-clang, r-devel-linux-x86_64-fedora-gcc, r-devel-windows-x86_64-new-UL, r-devel-windows-x86_64-new-TK, r-patched-linux-x86_64, r-release-linux-x86_64, r-release-macos-arm64, r-release-macos-x86_64, r-release-windows-ix86+x86_64