CRAN Package Check Results for Package RRI

Last updated on 2021-12-04 22:59:46 CET.

Flavor Version Tinstall Tcheck Ttotal Status Flags
r-devel-linux-x86_64-debian-clang 1.1 34.84 47.51 82.35 NOTE
r-devel-linux-x86_64-debian-gcc 1.1 24.17 36.40 60.57 NOTE
r-devel-linux-x86_64-fedora-clang 1.1 113.79 NOTE
r-devel-linux-x86_64-fedora-gcc 1.1 98.38 NOTE
r-devel-windows-x86_64-new-UL 1.1 46.00 97.00 143.00 NOTE
r-devel-windows-x86_64-new-TK 1.1 NOTE
r-devel-windows-x86_64-old 1.1 46.00 57.00 103.00 NOTE
r-patched-linux-x86_64 1.1 31.18 38.27 69.45 NOTE
r-release-linux-x86_64 1.1 29.61 38.30 67.91 NOTE
r-release-macos-arm64 1.1 NOTE
r-release-macos-x86_64 1.1 NOTE
r-release-windows-ix86+x86_64 1.1 88.00 99.00 187.00 NOTE
r-oldrel-macos-x86_64 1.1 OK
r-oldrel-windows-ix86+x86_64 1.1 85.00 92.00 177.00 OK

Check Details

Version: 1.1
Check: LazyData
Result: NOTE
     'LazyData' is specified without a 'data' directory
Flavors: r-devel-linux-x86_64-debian-clang, r-devel-linux-x86_64-debian-gcc, r-devel-linux-x86_64-fedora-clang, r-devel-linux-x86_64-fedora-gcc, r-devel-windows-x86_64-new-UL, r-devel-windows-x86_64-new-TK, r-devel-windows-x86_64-old, r-patched-linux-x86_64, r-release-linux-x86_64, r-release-macos-arm64, r-release-macos-x86_64, r-release-windows-ix86+x86_64